{"id":1437,"date":"2017-06-10T15:34:37","date_gmt":"2017-06-10T15:34:37","guid":{"rendered":"http:\/\/innernatureexhibition.com\/?page_id=1437"},"modified":"2021-06-03T14:58:03","modified_gmt":"2021-06-03T14:58:03","slug":"la-maison-vert","status":"publish","type":"page","link":"https:\/\/innernature.webs.upv.es\/?page_id=1437","title":{"rendered":"LA MAISON VERT"},"content":{"rendered":"<div data-carousel-extra='{\"blog_id\":1,\"permalink\":\"https:\\\/\\\/innernature.webs.upv.es\\\/?page_id=1437\"}' class=\"tiled-gallery type-rectangular\" data-original-width=\"980\"><div class=\"gallery-row\" style=\"width: 975px; height: 425px;\"><div class=\"gallery-group images-1\" style=\"width: 651px; height: 429px;\"><div class=\"tiled-gallery-item tiled-gallery-item-large\"><a href=\"https:\/\/innernature.webs.upv.es\/wp-content\/uploads\/2016\/07\/marnay2.png\"><img fetchpriority=\"high\" decoding=\"async\" data-attachment-id=\"1275\" data-orig-file=\"https:\/\/innernature.webs.upv.es\/wp-content\/uploads\/2016\/07\/marnay2.png\" data-orig-size=\"565,371\" data-comments-opened=\"0\" data-image-meta=\"{&quot;aperture&quot;:&quot;0&quot;,&quot;credit&quot;:&quot;&quot;,&quot;camera&quot;:&quot;&quot;,&quot;caption&quot;:&quot;&quot;,&quot;created_timestamp&quot;:&quot;0&quot;,&quot;copyright&quot;:&quot;&quot;,&quot;focal_length&quot;:&quot;0&quot;,&quot;iso&quot;:&quot;0&quot;,&quot;shutter_speed&quot;:&quot;0&quot;,&quot;title&quot;:&quot;&quot;,&quot;orientation&quot;:&quot;0&quot;}\" data-image-title=\"marnay2\" data-image-description=\"\" data-medium-file=\"https:\/\/innernature.webs.upv.es\/wp-content\/uploads\/2016\/07\/marnay2-300x197.png\" data-large-file=\"https:\/\/innernature.webs.upv.es\/wp-content\/uploads\/2016\/07\/marnay2.png\" src=\"https:\/\/innernature.webs.upv.es\/wp-content\/uploads\/2016\/07\/marnay2.png\" width=\"647\" height=\"425\" align=\"left\" title=\"marnay2\" \/><\/a><\/div><\/div><div class=\"gallery-group images-1\" style=\"width: 324px; height: 429px;\"><div class=\"tiled-gallery-item tiled-gallery-item-large\"><a href=\"https:\/\/innernature.webs.upv.es\/wp-content\/uploads\/2017\/06\/15241803_1547413438608951_1122397907044234544_n1.jpg\"><img decoding=\"async\" data-attachment-id=\"1445\" data-orig-file=\"https:\/\/innernature.webs.upv.es\/wp-content\/uploads\/2017\/06\/15241803_1547413438608951_1122397907044234544_n1.jpg\" data-orig-size=\"425,564\" data-comments-opened=\"0\" data-image-meta=\"{&quot;aperture&quot;:&quot;0&quot;,&quot;credit&quot;:&quot;Abril m Barruecos&quot;,&quot;camera&quot;:&quot;&quot;,&quot;caption&quot;:&quot;&quot;,&quot;created_timestamp&quot;:&quot;0&quot;,&quot;copyright&quot;:&quot;Abril m Barruecos&quot;,&quot;focal_length&quot;:&quot;0&quot;,&quot;iso&quot;:&quot;0&quot;,&quot;shutter_speed&quot;:&quot;0&quot;,&quot;title&quot;:&quot;&quot;,&quot;orientation&quot;:&quot;1&quot;}\" data-image-title=\"15241803_1547413438608951_1122397907044234544_n\" data-image-description=\"\" data-medium-file=\"https:\/\/innernature.webs.upv.es\/wp-content\/uploads\/2017\/06\/15241803_1547413438608951_1122397907044234544_n1-226x300.jpg\" data-large-file=\"https:\/\/innernature.webs.upv.es\/wp-content\/uploads\/2017\/06\/15241803_1547413438608951_1122397907044234544_n1.jpg\" src=\"https:\/\/innernature.webs.upv.es\/wp-content\/uploads\/2017\/06\/15241803_1547413438608951_1122397907044234544_n1-320x425.jpg\" width=\"320\" height=\"425\" align=\"left\" title=\"15241803_1547413438608951_1122397907044234544_n\" \/><\/a><\/div><\/div><\/div><div class=\"gallery-row\" style=\"width: 975px; height: 431px;\"><div class=\"gallery-group images-1\" style=\"width: 568px; height: 435px;\"><div class=\"tiled-gallery-item tiled-gallery-item-large\"><a href=\"https:\/\/innernature.webs.upv.es\/wp-content\/uploads\/2015\/06\/11142417_950000331719063_9108024277897894431_n.jpg\"><img decoding=\"async\" data-attachment-id=\"593\" data-orig-file=\"https:\/\/innernature.webs.upv.es\/wp-content\/uploads\/2015\/06\/11142417_950000331719063_9108024277897894431_n.jpg\" data-orig-size=\"960,734\" data-comments-opened=\"0\" data-image-meta=\"{&quot;aperture&quot;:&quot;0&quot;,&quot;credit&quot;:&quot;&quot;,&quot;camera&quot;:&quot;&quot;,&quot;caption&quot;:&quot;&quot;,&quot;created_timestamp&quot;:&quot;0&quot;,&quot;copyright&quot;:&quot;&quot;,&quot;focal_length&quot;:&quot;0&quot;,&quot;iso&quot;:&quot;0&quot;,&quot;shutter_speed&quot;:&quot;0&quot;,&quot;title&quot;:&quot;&quot;,&quot;orientation&quot;:&quot;0&quot;}\" data-image-title=\"11142417_950000331719063_9108024277897894431_n\" data-image-description=\"\" data-medium-file=\"https:\/\/innernature.webs.upv.es\/wp-content\/uploads\/2015\/06\/11142417_950000331719063_9108024277897894431_n-300x229.jpg\" data-large-file=\"https:\/\/innernature.webs.upv.es\/wp-content\/uploads\/2015\/06\/11142417_950000331719063_9108024277897894431_n.jpg\" src=\"https:\/\/innernature.webs.upv.es\/wp-content\/uploads\/2015\/06\/11142417_950000331719063_9108024277897894431_n-564x431.jpg\" width=\"564\" height=\"431\" align=\"left\" title=\"11142417_950000331719063_9108024277897894431_n\" \/><\/a><\/div><\/div><div class=\"gallery-group images-2\" style=\"width: 407px; height: 435px;\"><div class=\"tiled-gallery-item tiled-gallery-item-large\"><a href=\"https:\/\/innernature.webs.upv.es\/wp-content\/uploads\/2016\/07\/marnay.png\"><img loading=\"lazy\" decoding=\"async\" data-attachment-id=\"1273\" data-orig-file=\"https:\/\/innernature.webs.upv.es\/wp-content\/uploads\/2016\/07\/marnay.png\" data-orig-size=\"751,495\" data-comments-opened=\"0\" data-image-meta=\"{&quot;aperture&quot;:&quot;0&quot;,&quot;credit&quot;:&quot;&quot;,&quot;camera&quot;:&quot;&quot;,&quot;caption&quot;:&quot;&quot;,&quot;created_timestamp&quot;:&quot;0&quot;,&quot;copyright&quot;:&quot;&quot;,&quot;focal_length&quot;:&quot;0&quot;,&quot;iso&quot;:&quot;0&quot;,&quot;shutter_speed&quot;:&quot;0&quot;,&quot;title&quot;:&quot;&quot;,&quot;orientation&quot;:&quot;0&quot;}\" data-image-title=\"marnay\" data-image-description=\"\" data-medium-file=\"https:\/\/innernature.webs.upv.es\/wp-content\/uploads\/2016\/07\/marnay-300x198.png\" data-large-file=\"https:\/\/innernature.webs.upv.es\/wp-content\/uploads\/2016\/07\/marnay.png\" src=\"https:\/\/innernature.webs.upv.es\/wp-content\/uploads\/2016\/07\/marnay-403x266.png\" width=\"403\" height=\"266\" align=\"left\" title=\"marnay\" \/><\/a><\/div><div class=\"tiled-gallery-item tiled-gallery-item-large\"><a href=\"https:\/\/innernature.webs.upv.es\/wp-content\/uploads\/2017\/06\/15230572_1547419158608379_696949016407197630_n.jpg\"><img loading=\"lazy\" decoding=\"async\" data-attachment-id=\"1440\" data-orig-file=\"https:\/\/innernature.webs.upv.es\/wp-content\/uploads\/2017\/06\/15230572_1547419158608379_696949016407197630_n.jpg\" data-orig-size=\"960,384\" data-comments-opened=\"0\" data-image-meta=\"{&quot;aperture&quot;:&quot;0&quot;,&quot;credit&quot;:&quot;&quot;,&quot;camera&quot;:&quot;&quot;,&quot;caption&quot;:&quot;&quot;,&quot;created_timestamp&quot;:&quot;0&quot;,&quot;copyright&quot;:&quot;&quot;,&quot;focal_length&quot;:&quot;0&quot;,&quot;iso&quot;:&quot;0&quot;,&quot;shutter_speed&quot;:&quot;0&quot;,&quot;title&quot;:&quot;&quot;,&quot;orientation&quot;:&quot;0&quot;}\" data-image-title=\"15230572_1547419158608379_696949016407197630_n\" data-image-description=\"\" data-medium-file=\"https:\/\/innernature.webs.upv.es\/wp-content\/uploads\/2017\/06\/15230572_1547419158608379_696949016407197630_n-300x120.jpg\" data-large-file=\"https:\/\/innernature.webs.upv.es\/wp-content\/uploads\/2017\/06\/15230572_1547419158608379_696949016407197630_n.jpg\" src=\"https:\/\/innernature.webs.upv.es\/wp-content\/uploads\/2017\/06\/15230572_1547419158608379_696949016407197630_n-403x161.jpg\" width=\"403\" height=\"161\" align=\"left\" title=\"15230572_1547419158608379_696949016407197630_n\" \/><\/a><\/div><\/div><\/div><div class=\"gallery-row\" style=\"width: 975px; height: 334px;\"><div class=\"gallery-group images-1\" style=\"width: 470px; height: 338px;\"><div class=\"tiled-gallery-item tiled-gallery-item-large\"><a href=\"https:\/\/innernature.webs.upv.es\/wp-content\/uploads\/2015\/06\/10629796_950000795052350_8838353649920870067_n.jpg\"><img loading=\"lazy\" decoding=\"async\" data-attachment-id=\"590\" data-orig-file=\"https:\/\/innernature.webs.upv.es\/wp-content\/uploads\/2015\/06\/10629796_950000795052350_8838353649920870067_n.jpg\" data-orig-size=\"668,479\" data-comments-opened=\"0\" data-image-meta=\"{&quot;aperture&quot;:&quot;0&quot;,&quot;credit&quot;:&quot;&quot;,&quot;camera&quot;:&quot;&quot;,&quot;caption&quot;:&quot;&quot;,&quot;created_timestamp&quot;:&quot;0&quot;,&quot;copyright&quot;:&quot;&quot;,&quot;focal_length&quot;:&quot;0&quot;,&quot;iso&quot;:&quot;0&quot;,&quot;shutter_speed&quot;:&quot;0&quot;,&quot;title&quot;:&quot;&quot;,&quot;orientation&quot;:&quot;0&quot;}\" data-image-title=\"10629796_950000795052350_8838353649920870067_n\" data-image-description=\"\" data-medium-file=\"https:\/\/innernature.webs.upv.es\/wp-content\/uploads\/2015\/06\/10629796_950000795052350_8838353649920870067_n-300x215.jpg\" data-large-file=\"https:\/\/innernature.webs.upv.es\/wp-content\/uploads\/2015\/06\/10629796_950000795052350_8838353649920870067_n.jpg\" src=\"https:\/\/innernature.webs.upv.es\/wp-content\/uploads\/2015\/06\/10629796_950000795052350_8838353649920870067_n-466x334.jpg\" width=\"466\" height=\"334\" align=\"left\" title=\"10629796_950000795052350_8838353649920870067_n\" \/><\/a><\/div><\/div><div class=\"gallery-group images-1\" style=\"width: 505px; height: 338px;\"><div class=\"tiled-gallery-item tiled-gallery-item-large\"><a href=\"https:\/\/innernature.webs.upv.es\/wp-content\/uploads\/2017\/06\/15317818_1547411505275811_3410895461083443010_n.jpg\"><img loading=\"lazy\" decoding=\"async\" data-attachment-id=\"1442\" data-orig-file=\"https:\/\/innernature.webs.upv.es\/wp-content\/uploads\/2017\/06\/15317818_1547411505275811_3410895461083443010_n.jpg\" data-orig-size=\"960,639\" data-comments-opened=\"0\" data-image-meta=\"{&quot;aperture&quot;:&quot;0&quot;,&quot;credit&quot;:&quot;Abril m Barruecos&quot;,&quot;camera&quot;:&quot;&quot;,&quot;caption&quot;:&quot;&quot;,&quot;created_timestamp&quot;:&quot;0&quot;,&quot;copyright&quot;:&quot;Abril m Barruecos&quot;,&quot;focal_length&quot;:&quot;0&quot;,&quot;iso&quot;:&quot;0&quot;,&quot;shutter_speed&quot;:&quot;0&quot;,&quot;title&quot;:&quot;&quot;,&quot;orientation&quot;:&quot;0&quot;}\" data-image-title=\"15317818_1547411505275811_3410895461083443010_n\" data-image-description=\"\" data-medium-file=\"https:\/\/innernature.webs.upv.es\/wp-content\/uploads\/2017\/06\/15317818_1547411505275811_3410895461083443010_n-300x200.jpg\" data-large-file=\"https:\/\/innernature.webs.upv.es\/wp-content\/uploads\/2017\/06\/15317818_1547411505275811_3410895461083443010_n.jpg\" src=\"https:\/\/innernature.webs.upv.es\/wp-content\/uploads\/2017\/06\/15317818_1547411505275811_3410895461083443010_n-501x334.jpg\" width=\"501\" height=\"334\" align=\"left\" title=\"15317818_1547411505275811_3410895461083443010_n\" \/><\/a><\/div><\/div><\/div><\/div>\n<h4><\/h4>\n<h4>Marnay-sur-Seine, France<\/h4>\n<table frame=\"void\">\n<tbody>\n<tr>\n<td style=\"text-align: justify;\">The Association of the Botanical Garden of Marnay-sur-Seine created in 1995 is welcoming since the autumn 2013 artists within the \u00abPays&#8217;art\u00bb program of \u00abLa Maison Verte\u00bb in the middle of the village. This place is directly linked to the Botanical Garden and opens itself to artists of all nationalities to have a time of creativity, reflection and production in a rural environment. The aim of \u00abPays&#8217;art\u00bb is to open a field of reflection and expression towards a paradigm shift in the anthropocene era.<\/td>\n<td style=\"text-align: justify;\">La asociaci\u00f3n del Jard\u00edn Bot\u00e1nico de Marnay-sur-Saine creada en 1995 acoge artistas en residencia desde el oto\u00f1o del 2013 a trav\u00e9s del programa \u201cPays\u00b4art\u201d de la Maison Verte ubicada en el centro del pueblo. Este lugar est\u00e1 directamente vinculado al Jard\u00edn Bot\u00e1nico y est\u00e1 abierto a artistas de todas las nacionalidades para ofrecerles un espacio de creatividad, reflexi\u00f3n y producci\u00f3n en un entorno rural. El prop\u00f3sito de \u201cPays\u00b4art\u201d es abrir un \u00e1mbito de reflexi\u00f3n y expresi\u00f3n sobre un cambio de paradigma en la era del antropoceno.<\/td>\n<\/tr>\n<\/tbody>\n<\/table>\n<p><a href=\"http:\/\/lamaisonvertedemarnay.org\/filter\/ENGLISH\" target=\"_blank\" rel=\"noopener\">WEB SITE<\/a><\/p>\n","protected":false},"excerpt":{"rendered":"<p>Marnay-sur-Seine, France The Association of the Botanical Garden of Marnay-sur-Seine created in 1995 is welcoming since the autumn 2013 artists within the \u00abPays&#8217;art\u00bb program of \u00abLa Maison Verte\u00bb in the middle of the village. This place is directly linked to the Botanical Garden and opens itself to artists of all nationalities to have a time [&hellip;]<\/p>\n","protected":false},"author":2,"featured_media":0,"parent":96,"menu_order":0,"comment_status":"closed","ping_status":"closed","template":"","meta":{"footnotes":""},"class_list":["post-1437","page","type-page","status-publish","hentry"],"_links":{"self":[{"href":"https:\/\/innernature.webs.upv.es\/index.php?rest_route=\/wp\/v2\/pages\/1437","targetHints":{"allow":["GET"]}}],"collection":[{"href":"https:\/\/innernature.webs.upv.es\/index.php?rest_route=\/wp\/v2\/pages"}],"about":[{"href":"https:\/\/innernature.webs.upv.es\/index.php?rest_route=\/wp\/v2\/types\/page"}],"author":[{"embeddable":true,"href":"https:\/\/innernature.webs.upv.es\/index.php?rest_route=\/wp\/v2\/users\/2"}],"replies":[{"embeddable":true,"href":"https:\/\/innernature.webs.upv.es\/index.php?rest_route=%2Fwp%2Fv2%2Fcomments&post=1437"}],"version-history":[{"count":3,"href":"https:\/\/innernature.webs.upv.es\/index.php?rest_route=\/wp\/v2\/pages\/1437\/revisions"}],"predecessor-version":[{"id":2557,"href":"https:\/\/innernature.webs.upv.es\/index.php?rest_route=\/wp\/v2\/pages\/1437\/revisions\/2557"}],"up":[{"embeddable":true,"href":"https:\/\/innernature.webs.upv.es\/index.php?rest_route=\/wp\/v2\/pages\/96"}],"wp:attachment":[{"href":"https:\/\/innernature.webs.upv.es\/index.php?rest_route=%2Fwp%2Fv2%2Fmedia&parent=1437"}],"curies":[{"name":"wp","href":"https:\/\/api.w.org\/{rel}","templated":true}]}}