{"id":1467,"date":"2017-06-10T16:41:40","date_gmt":"2017-06-10T16:41:40","guid":{"rendered":"http:\/\/innernatureexhibition.com\/?page_id=1467"},"modified":"2021-06-03T14:58:20","modified_gmt":"2021-06-03T14:58:20","slug":"las-tablas-de-daimiel-national-park","status":"publish","type":"page","link":"https:\/\/innernature.webs.upv.es\/?page_id=1467","title":{"rendered":"LAS TABLAS DE DAIMIEL NATIONAL PARK"},"content":{"rendered":"<div data-carousel-extra='{\"blog_id\":1,\"permalink\":\"https:\\\/\\\/innernature.webs.upv.es\\\/?page_id=1467\"}' class=\"tiled-gallery type-rectangular\" data-original-width=\"980\"><div class=\"gallery-row\" style=\"width: 975px; height: 411px;\"><div class=\"gallery-group images-1\" style=\"width: 622px; height: 415px;\"><div class=\"tiled-gallery-item tiled-gallery-item-large\"><a href=\"https:\/\/innernature.webs.upv.es\/wp-content\/uploads\/2017\/11\/2huellas-2013-vc3adctor-dc3adaz.jpg\"><img fetchpriority=\"high\" decoding=\"async\" data-attachment-id=\"1717\" data-orig-file=\"https:\/\/innernature.webs.upv.es\/wp-content\/uploads\/2017\/11\/2huellas-2013-vc3adctor-dc3adaz.jpg\" data-orig-size=\"2953,1961\" data-comments-opened=\"0\" data-image-meta=\"{&quot;aperture&quot;:&quot;8&quot;,&quot;credit&quot;:&quot;&quot;,&quot;camera&quot;:&quot;NIKON D90&quot;,&quot;caption&quot;:&quot;&quot;,&quot;created_timestamp&quot;:&quot;1354795170&quot;,&quot;copyright&quot;:&quot;&quot;,&quot;focal_length&quot;:&quot;34&quot;,&quot;iso&quot;:&quot;250&quot;,&quot;shutter_speed&quot;:&quot;0.011111111111111&quot;,&quot;title&quot;:&quot;&quot;,&quot;orientation&quot;:&quot;1&quot;}\" data-image-title=\"2Huellas 2013 V\u00edctor D\u00edaz\" data-image-description=\"\" data-medium-file=\"https:\/\/innernature.webs.upv.es\/wp-content\/uploads\/2017\/11\/2huellas-2013-vc3adctor-dc3adaz-300x199.jpg\" data-large-file=\"https:\/\/innernature.webs.upv.es\/wp-content\/uploads\/2017\/11\/2huellas-2013-vc3adctor-dc3adaz-1024x680.jpg\" src=\"https:\/\/innernature.webs.upv.es\/wp-content\/uploads\/2017\/11\/2huellas-2013-vc3adctor-dc3adaz-618x411.jpg\" width=\"618\" height=\"411\" align=\"left\" title=\"2Huellas 2013 V\u00edctor D\u00edaz\" \/><\/a><\/div><\/div><div class=\"gallery-group images-2\" style=\"width: 353px; height: 415px;\"><div class=\"tiled-gallery-item tiled-gallery-item-large\"><a href=\"https:\/\/innernature.webs.upv.es\/wp-content\/uploads\/2017\/11\/1el-tablazo-2013-victor-dc3adaz.jpg\"><img decoding=\"async\" data-attachment-id=\"1716\" data-orig-file=\"https:\/\/innernature.webs.upv.es\/wp-content\/uploads\/2017\/11\/1el-tablazo-2013-victor-dc3adaz.jpg\" data-orig-size=\"4068,2040\" data-comments-opened=\"0\" data-image-meta=\"{&quot;aperture&quot;:&quot;0&quot;,&quot;credit&quot;:&quot;&quot;,&quot;camera&quot;:&quot;NIKON D90&quot;,&quot;caption&quot;:&quot;&quot;,&quot;created_timestamp&quot;:&quot;1367481265&quot;,&quot;copyright&quot;:&quot;&quot;,&quot;focal_length&quot;:&quot;0&quot;,&quot;iso&quot;:&quot;800&quot;,&quot;shutter_speed&quot;:&quot;0.0028571428571429&quot;,&quot;title&quot;:&quot;&quot;,&quot;orientation&quot;:&quot;1&quot;}\" data-image-title=\"1El Tablazo 2013 Victor D\u00edaz\" data-image-description=\"\" data-medium-file=\"https:\/\/innernature.webs.upv.es\/wp-content\/uploads\/2017\/11\/1el-tablazo-2013-victor-dc3adaz-300x150.jpg\" data-large-file=\"https:\/\/innernature.webs.upv.es\/wp-content\/uploads\/2017\/11\/1el-tablazo-2013-victor-dc3adaz-1024x514.jpg\" src=\"https:\/\/innernature.webs.upv.es\/wp-content\/uploads\/2017\/11\/1el-tablazo-2013-victor-dc3adaz-349x175.jpg\" width=\"349\" height=\"175\" align=\"left\" title=\"1El Tablazo 2013 Victor D\u00edaz\" \/><\/a><\/div><div class=\"tiled-gallery-item tiled-gallery-item-large\"><a href=\"https:\/\/innernature.webs.upv.es\/wp-content\/uploads\/2017\/11\/3-grullas-en-migracic3b3n-2016-vc3adctor-dc3adaz.jpg\"><img decoding=\"async\" data-attachment-id=\"1721\" data-orig-file=\"https:\/\/innernature.webs.upv.es\/wp-content\/uploads\/2017\/11\/3-grullas-en-migracic3b3n-2016-vc3adctor-dc3adaz.jpg\" data-orig-size=\"4288,2848\" data-comments-opened=\"0\" data-image-meta=\"{&quot;aperture&quot;:&quot;9&quot;,&quot;credit&quot;:&quot;&quot;,&quot;camera&quot;:&quot;NIKON D90&quot;,&quot;caption&quot;:&quot;&quot;,&quot;created_timestamp&quot;:&quot;1456595589&quot;,&quot;copyright&quot;:&quot;&quot;,&quot;focal_length&quot;:&quot;200&quot;,&quot;iso&quot;:&quot;320&quot;,&quot;shutter_speed&quot;:&quot;0.0008&quot;,&quot;title&quot;:&quot;&quot;,&quot;orientation&quot;:&quot;1&quot;}\" data-image-title=\"3 Grullas en migraci\u00f3n 2016 V\u00edctor D\u00edaz\" data-image-description=\"\" data-medium-file=\"https:\/\/innernature.webs.upv.es\/wp-content\/uploads\/2017\/11\/3-grullas-en-migracic3b3n-2016-vc3adctor-dc3adaz-300x199.jpg\" data-large-file=\"https:\/\/innernature.webs.upv.es\/wp-content\/uploads\/2017\/11\/3-grullas-en-migracic3b3n-2016-vc3adctor-dc3adaz-1024x680.jpg\" src=\"https:\/\/innernature.webs.upv.es\/wp-content\/uploads\/2017\/11\/3-grullas-en-migracic3b3n-2016-vc3adctor-dc3adaz-349x232.jpg\" width=\"349\" height=\"232\" align=\"left\" title=\"3 Grullas en migraci\u00f3n 2016 V\u00edctor D\u00edaz\" \/><\/a><\/div><\/div><\/div><\/div>\n<h4><\/h4>\n<h4>LAS TABLAS DE DAIMIEL NATIONAL PARK,&nbsp;Ciudad Real, Spain<\/h4>\n<h4>&nbsp;Asociaci\u00f3n Cultura de Ribera<\/h4>\n<table frame=\"void\">\n<tbody>\n<tr>\n<td style=\"text-align: justify;\">La Asociaci\u00f3n Cultura de Ribera re\u00fane a un grupo multidisciplinar de personas que investigan el papel del arte como vector para la conservaci\u00f3n de los Espacios Naturales Protegidos. Nuestra misi\u00f3n es producir y difundir contenidos culturales respetuosos con el medio ambiente que sirvan como generadores de valor a\u00f1adido al uso p\u00fablico de los Espacios Naturales Protegidos. Las Jornadas sobre Arte, Ecolog\u00eda y Uso P\u00fablico de Espacios Naturales Protegidos son una actividad pionera en la Red de Parques Nacionales de Espa\u00f1a. Con sede en Las Tablas de Daimiel, son un encuentro de estudiantes, artistas, cient\u00edficos y gestores culturales interesados en el arte ecol\u00f3gico como elemento de dinamizaci\u00f3n de su Uso P\u00fablico, proponiendo, de esta manera, un nuevo modelo social de uso y disfrute de nuestros Parques Nacionales.<\/p>\n<p><a href=\"https:\/\/culturaderibera.wordpress.com\" target=\"_blank\" rel=\"noopener\">WEB SITE<\/a><\/p>\n<p><a href=\"http:\/\/eprints.ucm.es\/40625\/\">Descargar publicaci\u00f3n<\/a><\/td>\n<td style=\"text-align: justify;\">The Association Cultura de Ribera brings together a multidisciplinary group of people who investigate the role of art as a vector for the conservation of Protected Natural Areas. Our mission is to produce and disseminate cultural contents that respect the environment and serve as generators of added value for natural parks. The Conference on Art, Ecology and Public Use of Protected Natural Areas is a pioneering activity in the Spanish National Parks Network. Based in Las Tablas de Daimiel, it represents a meeting point for students, artists, scientists and cultural managers interested in ecological art as a tool for the dynamization of natural areas and proposing a new social model for the use and enjoyment of our National Parks.<\/p>\n<p><a href=\"https:\/\/culturaderibera.wordpress.com\" target=\"_blank\" rel=\"noopener\">WEB SITE<\/a><\/p>\n<p><a href=\"http:\/\/eprints.ucm.es\/40625\/\">Download publication<\/a><\/td>\n<\/tr>\n<\/tbody>\n<\/table>\n<p><a href=\"http:\/\/eprints.ucm.es\/40625\/\"><img loading=\"lazy\" decoding=\"async\" class=\"alignleft wp-image-1723 size-medium\" src=\"https:\/\/innernature.webs.upv.es\/wp-content\/uploads\/2017\/11\/jornadas-cultura-de-ribera-copia.jpg?w=204\" alt=\"\" width=\"204\" height=\"300\" srcset=\"https:\/\/innernature.webs.upv.es\/wp-content\/uploads\/2017\/11\/jornadas-cultura-de-ribera-copia.jpg 539w, https:\/\/innernature.webs.upv.es\/wp-content\/uploads\/2017\/11\/jornadas-cultura-de-ribera-copia-204x300.jpg 204w\" sizes=\"(max-width: 204px) 100vw, 204px\" \/><\/a><\/p>\n","protected":false},"excerpt":{"rendered":"<p>LAS TABLAS DE DAIMIEL NATIONAL PARK,&nbsp;Ciudad Real, Spain &nbsp;Asociaci\u00f3n Cultura de Ribera La Asociaci\u00f3n Cultura de Ribera re\u00fane a un grupo multidisciplinar de personas que investigan el papel del arte como vector para la conservaci\u00f3n de los Espacios Naturales Protegidos. Nuestra misi\u00f3n es producir y difundir contenidos culturales respetuosos con el medio ambiente que sirvan [&hellip;]<\/p>\n","protected":false},"author":2,"featured_media":0,"parent":96,"menu_order":0,"comment_status":"closed","ping_status":"closed","template":"","meta":{"footnotes":""},"class_list":["post-1467","page","type-page","status-publish","hentry"],"_links":{"self":[{"href":"https:\/\/innernature.webs.upv.es\/index.php?rest_route=\/wp\/v2\/pages\/1467","targetHints":{"allow":["GET"]}}],"collection":[{"href":"https:\/\/innernature.webs.upv.es\/index.php?rest_route=\/wp\/v2\/pages"}],"about":[{"href":"https:\/\/innernature.webs.upv.es\/index.php?rest_route=\/wp\/v2\/types\/page"}],"author":[{"embeddable":true,"href":"https:\/\/innernature.webs.upv.es\/index.php?rest_route=\/wp\/v2\/users\/2"}],"replies":[{"embeddable":true,"href":"https:\/\/innernature.webs.upv.es\/index.php?rest_route=%2Fwp%2Fv2%2Fcomments&post=1467"}],"version-history":[{"count":3,"href":"https:\/\/innernature.webs.upv.es\/index.php?rest_route=\/wp\/v2\/pages\/1467\/revisions"}],"predecessor-version":[{"id":2558,"href":"https:\/\/innernature.webs.upv.es\/index.php?rest_route=\/wp\/v2\/pages\/1467\/revisions\/2558"}],"up":[{"embeddable":true,"href":"https:\/\/innernature.webs.upv.es\/index.php?rest_route=\/wp\/v2\/pages\/96"}],"wp:attachment":[{"href":"https:\/\/innernature.webs.upv.es\/index.php?rest_route=%2Fwp%2Fv2%2Fmedia&parent=1467"}],"curies":[{"name":"wp","href":"https:\/\/api.w.org\/{rel}","templated":true}]}}