{"id":1497,"date":"2017-06-10T17:36:57","date_gmt":"2017-06-10T17:36:57","guid":{"rendered":"http:\/\/innernatureexhibition.com\/?page_id=1497"},"modified":"2021-06-03T14:56:57","modified_gmt":"2021-06-03T14:56:57","slug":"fundacion-la-posta","status":"publish","type":"page","link":"https:\/\/innernature.webs.upv.es\/?page_id=1497","title":{"rendered":"FUNDACI\u00d3N LA POSTA"},"content":{"rendered":"<div data-carousel-extra='{\"blog_id\":1,\"permalink\":\"https:\\\/\\\/innernature.webs.upv.es\\\/?page_id=1497\"}' class=\"tiled-gallery type-rectangular\" data-original-width=\"980\"><div class=\"gallery-row\" style=\"width: 975px; height: 637px;\"><div class=\"gallery-group images-2\" style=\"width: 494px; height: 641px;\"><div class=\"tiled-gallery-item tiled-gallery-item-large\"><a href=\"https:\/\/innernature.webs.upv.es\/wp-content\/uploads\/2017\/09\/la-posta.jpg\"><img fetchpriority=\"high\" decoding=\"async\" data-attachment-id=\"1623\" data-orig-file=\"https:\/\/innernature.webs.upv.es\/wp-content\/uploads\/2017\/09\/la-posta.jpg\" data-orig-size=\"800,500\" data-comments-opened=\"0\" data-image-meta=\"{&quot;aperture&quot;:&quot;0&quot;,&quot;credit&quot;:&quot;&quot;,&quot;camera&quot;:&quot;&quot;,&quot;caption&quot;:&quot;&quot;,&quot;created_timestamp&quot;:&quot;0&quot;,&quot;copyright&quot;:&quot;&quot;,&quot;focal_length&quot;:&quot;0&quot;,&quot;iso&quot;:&quot;0&quot;,&quot;shutter_speed&quot;:&quot;0&quot;,&quot;title&quot;:&quot;&quot;,&quot;orientation&quot;:&quot;1&quot;}\" data-image-title=\"La Posta\" data-image-description=\"\" data-medium-file=\"https:\/\/innernature.webs.upv.es\/wp-content\/uploads\/2017\/09\/la-posta-300x188.jpg\" data-large-file=\"https:\/\/innernature.webs.upv.es\/wp-content\/uploads\/2017\/09\/la-posta.jpg\" src=\"https:\/\/innernature.webs.upv.es\/wp-content\/uploads\/2017\/09\/la-posta-490x306.jpg\" width=\"490\" height=\"306\" align=\"left\" title=\"La Posta\" \/><\/a><\/div><div class=\"tiled-gallery-item tiled-gallery-item-large\"><a href=\"https:\/\/innernature.webs.upv.es\/wp-content\/uploads\/2017\/09\/nicoleta-moise.jpg\"><img decoding=\"async\" data-attachment-id=\"1625\" data-orig-file=\"https:\/\/innernature.webs.upv.es\/wp-content\/uploads\/2017\/09\/nicoleta-moise.jpg\" data-orig-size=\"1024,683\" data-comments-opened=\"0\" data-image-meta=\"{&quot;aperture&quot;:&quot;0&quot;,&quot;credit&quot;:&quot;&quot;,&quot;camera&quot;:&quot;&quot;,&quot;caption&quot;:&quot;&quot;,&quot;created_timestamp&quot;:&quot;0&quot;,&quot;copyright&quot;:&quot;&quot;,&quot;focal_length&quot;:&quot;0&quot;,&quot;iso&quot;:&quot;0&quot;,&quot;shutter_speed&quot;:&quot;0&quot;,&quot;title&quot;:&quot;&quot;,&quot;orientation&quot;:&quot;0&quot;}\" data-image-title=\"Nicoleta Moise\" data-image-description=\"\" data-medium-file=\"https:\/\/innernature.webs.upv.es\/wp-content\/uploads\/2017\/09\/nicoleta-moise-300x200.jpg\" data-large-file=\"https:\/\/innernature.webs.upv.es\/wp-content\/uploads\/2017\/09\/nicoleta-moise-1024x683.jpg\" src=\"https:\/\/innernature.webs.upv.es\/wp-content\/uploads\/2017\/09\/nicoleta-moise-490x327.jpg\" width=\"490\" height=\"327\" align=\"left\" title=\"Nicoleta Moise\" \/><\/a><\/div><\/div><div class=\"gallery-group images-1\" style=\"width: 481px; height: 641px;\"><div class=\"tiled-gallery-item tiled-gallery-item-large\"><a href=\"https:\/\/innernature.webs.upv.es\/wp-content\/uploads\/2017\/09\/mirona-mirada-grupo-wdc.jpg\"><img decoding=\"async\" data-attachment-id=\"1624\" data-orig-file=\"https:\/\/innernature.webs.upv.es\/wp-content\/uploads\/2017\/09\/mirona-mirada-grupo-wdc.jpg\" data-orig-size=\"720,960\" data-comments-opened=\"0\" data-image-meta=\"{&quot;aperture&quot;:&quot;0&quot;,&quot;credit&quot;:&quot;&quot;,&quot;camera&quot;:&quot;&quot;,&quot;caption&quot;:&quot;&quot;,&quot;created_timestamp&quot;:&quot;0&quot;,&quot;copyright&quot;:&quot;&quot;,&quot;focal_length&quot;:&quot;0&quot;,&quot;iso&quot;:&quot;0&quot;,&quot;shutter_speed&quot;:&quot;0&quot;,&quot;title&quot;:&quot;&quot;,&quot;orientation&quot;:&quot;0&quot;}\" data-image-title=\"Mirona Mirada Grupo WDC\" data-image-description=\"\" data-medium-file=\"https:\/\/innernature.webs.upv.es\/wp-content\/uploads\/2017\/09\/mirona-mirada-grupo-wdc-225x300.jpg\" data-large-file=\"https:\/\/innernature.webs.upv.es\/wp-content\/uploads\/2017\/09\/mirona-mirada-grupo-wdc.jpg\" src=\"https:\/\/innernature.webs.upv.es\/wp-content\/uploads\/2017\/09\/mirona-mirada-grupo-wdc-477x637.jpg\" width=\"477\" height=\"637\" align=\"left\" title=\"Mirona Mirada Grupo WDC\" \/><\/a><\/div><\/div><\/div><div class=\"gallery-row\" style=\"width: 975px; height: 263px;\"><div class=\"gallery-group images-1\" style=\"width: 398px; height: 267px;\"><div class=\"tiled-gallery-item tiled-gallery-item-large\"><a href=\"https:\/\/innernature.webs.upv.es\/wp-content\/uploads\/2017\/09\/roman-de-la-calle.jpg\"><img loading=\"lazy\" decoding=\"async\" data-attachment-id=\"1627\" data-orig-file=\"https:\/\/innernature.webs.upv.es\/wp-content\/uploads\/2017\/09\/roman-de-la-calle.jpg\" data-orig-size=\"1024,683\" data-comments-opened=\"0\" data-image-meta=\"{&quot;aperture&quot;:&quot;0&quot;,&quot;credit&quot;:&quot;&quot;,&quot;camera&quot;:&quot;&quot;,&quot;caption&quot;:&quot;&quot;,&quot;created_timestamp&quot;:&quot;0&quot;,&quot;copyright&quot;:&quot;&quot;,&quot;focal_length&quot;:&quot;0&quot;,&quot;iso&quot;:&quot;0&quot;,&quot;shutter_speed&quot;:&quot;0&quot;,&quot;title&quot;:&quot;&quot;,&quot;orientation&quot;:&quot;0&quot;}\" data-image-title=\"Roman de la Calle\" data-image-description=\"\" data-medium-file=\"https:\/\/innernature.webs.upv.es\/wp-content\/uploads\/2017\/09\/roman-de-la-calle-300x200.jpg\" data-large-file=\"https:\/\/innernature.webs.upv.es\/wp-content\/uploads\/2017\/09\/roman-de-la-calle-1024x683.jpg\" src=\"https:\/\/innernature.webs.upv.es\/wp-content\/uploads\/2017\/09\/roman-de-la-calle-394x263.jpg\" width=\"394\" height=\"263\" align=\"left\" title=\"Roman de la Calle\" \/><\/a><\/div><\/div><div class=\"gallery-group images-1\" style=\"width: 179px; height: 267px;\"><div class=\"tiled-gallery-item tiled-gallery-item-small\"><a href=\"https:\/\/innernature.webs.upv.es\/wp-content\/uploads\/2017\/09\/juan-f-martc3adnez-gc3b3mez-de-albacete.jpg\"><img loading=\"lazy\" decoding=\"async\" data-attachment-id=\"1622\" data-orig-file=\"https:\/\/innernature.webs.upv.es\/wp-content\/uploads\/2017\/09\/juan-f-martc3adnez-gc3b3mez-de-albacete.jpg\" data-orig-size=\"682,1024\" data-comments-opened=\"0\" data-image-meta=\"{&quot;aperture&quot;:&quot;0&quot;,&quot;credit&quot;:&quot;&quot;,&quot;camera&quot;:&quot;&quot;,&quot;caption&quot;:&quot;&quot;,&quot;created_timestamp&quot;:&quot;0&quot;,&quot;copyright&quot;:&quot;&quot;,&quot;focal_length&quot;:&quot;0&quot;,&quot;iso&quot;:&quot;0&quot;,&quot;shutter_speed&quot;:&quot;0&quot;,&quot;title&quot;:&quot;&quot;,&quot;orientation&quot;:&quot;0&quot;}\" data-image-title=\"Juan F. Mart\u00ednez G\u00f3mez de Albacete\" data-image-description=\"\" data-medium-file=\"https:\/\/innernature.webs.upv.es\/wp-content\/uploads\/2017\/09\/juan-f-martc3adnez-gc3b3mez-de-albacete-200x300.jpg\" data-large-file=\"https:\/\/innernature.webs.upv.es\/wp-content\/uploads\/2017\/09\/juan-f-martc3adnez-gc3b3mez-de-albacete-682x1024.jpg\" src=\"https:\/\/innernature.webs.upv.es\/wp-content\/uploads\/2017\/09\/juan-f-martc3adnez-gc3b3mez-de-albacete-175x263.jpg\" width=\"175\" height=\"263\" align=\"left\" title=\"Juan F. Mart\u00ednez G\u00f3mez de Albacete\" \/><\/a><\/div><\/div><div class=\"gallery-group images-1\" style=\"width: 398px; height: 267px;\"><div class=\"tiled-gallery-item tiled-gallery-item-large\"><a href=\"https:\/\/innernature.webs.upv.es\/wp-content\/uploads\/2017\/09\/nihil-obstat.jpg\"><img loading=\"lazy\" decoding=\"async\" data-attachment-id=\"1626\" data-orig-file=\"https:\/\/innernature.webs.upv.es\/wp-content\/uploads\/2017\/09\/nihil-obstat.jpg\" data-orig-size=\"1024,683\" data-comments-opened=\"0\" data-image-meta=\"{&quot;aperture&quot;:&quot;0&quot;,&quot;credit&quot;:&quot;&quot;,&quot;camera&quot;:&quot;&quot;,&quot;caption&quot;:&quot;&quot;,&quot;created_timestamp&quot;:&quot;0&quot;,&quot;copyright&quot;:&quot;&quot;,&quot;focal_length&quot;:&quot;0&quot;,&quot;iso&quot;:&quot;0&quot;,&quot;shutter_speed&quot;:&quot;0&quot;,&quot;title&quot;:&quot;&quot;,&quot;orientation&quot;:&quot;0&quot;}\" data-image-title=\"Nihil Obstat\" data-image-description=\"\" data-medium-file=\"https:\/\/innernature.webs.upv.es\/wp-content\/uploads\/2017\/09\/nihil-obstat-300x200.jpg\" data-large-file=\"https:\/\/innernature.webs.upv.es\/wp-content\/uploads\/2017\/09\/nihil-obstat-1024x683.jpg\" src=\"https:\/\/innernature.webs.upv.es\/wp-content\/uploads\/2017\/09\/nihil-obstat-394x263.jpg\" width=\"394\" height=\"263\" align=\"left\" title=\"Nihil Obstat\" \/><\/a><\/div><\/div><\/div><\/div>\n<p>&nbsp;<\/p>\n<table frame=\"void\">\n<tbody>\n<tr>\n<td style=\"text-align:justify;\">\n<h4>FUNDACI\u00d3N LA POSTA<\/h4>\n<h4>Centro de Investigaci\u00f3n de la Imagen<\/h4>\n<p><strong>Valencia, Espa\u00f1a<\/strong><\/p>\n<p>Fundaci\u00f3n La Posta nace como un proyecto orientado a la investigaci\u00f3n y divulgaci\u00f3n del arte contempor\u00e1neo.&nbsp;Se trata de un proyecto de origen privado pero con una fuerte orientaci\u00f3n hacia la comunidad. Una comunidad que se define en parte por proximidad geogr\u00e1fica, pero que no es ajena al hecho de que nuestras relaciones hoy en d\u00eda se desenvuelven tambi\u00e9n a trav\u00e9s de internet. Es objetivo de la Fundaci\u00f3n La Posta acoger pr\u00e1cticas art\u00edsticas que est\u00e9n vinculadas a procesos sociales y econ\u00f3micos.&nbsp;La Posta aspira a ser como un Hiroba [\u5e83\u5834], el lugar del acto de experimentar. En la ciudad tradicional japonesa, en la que no se conoce la plaza p\u00fablica tal y como se ha configurado morfol\u00f3gicamente en occidente, el hiroba es el espacio urbano que encarna procesos identificables de socializaci\u00f3n dentro de la vida de la ciudad.<\/td>\n<td style=\"text-align:justify;\">\n<h4>LA POSTA FOUNDATION<\/h4>\n<h4>Image&nbsp;Research Center<\/h4>\n<p><strong>Valencia, Spain<\/strong><\/p>\n<p>La Posta Foundation was born as a project of research and dissemination of contemporary art. It is a private project but with a strong focus on community. A community is defined in part by geographical proximity, but our relations today also develop through the Internet. Hosting artistic practices linked to social and economic processes is the goal of La Posta Foundation. La Posta aspires to be like a Hiroba [\u5e83\u5834], the place of the act of experiencing. In traditional Japanese towns, where the Western notion of public square is not known, hiroba is the urban space that embodies identifiable socialization processes within the life of the city.<\/td>\n<\/tr>\n<\/tbody>\n<\/table>\n<p><a href=\"http:\/\/fundacionlaposta.org\/es\/\" target=\"_blank\" rel=\"noopener\">WEB SITE<\/a><\/p>\n","protected":false},"excerpt":{"rendered":"<p>&nbsp; FUNDACI\u00d3N LA POSTA Centro de Investigaci\u00f3n de la Imagen Valencia, Espa\u00f1a Fundaci\u00f3n La Posta nace como un proyecto orientado a la investigaci\u00f3n y divulgaci\u00f3n del arte contempor\u00e1neo.&nbsp;Se trata de un proyecto de origen privado pero con una fuerte orientaci\u00f3n hacia la comunidad. Una comunidad que se define en parte por proximidad geogr\u00e1fica, pero que [&hellip;]<\/p>\n","protected":false},"author":2,"featured_media":0,"parent":96,"menu_order":0,"comment_status":"closed","ping_status":"closed","template":"full-width-page.php","meta":{"footnotes":""},"class_list":["post-1497","page","type-page","status-publish","hentry"],"_links":{"self":[{"href":"https:\/\/innernature.webs.upv.es\/index.php?rest_route=\/wp\/v2\/pages\/1497","targetHints":{"allow":["GET"]}}],"collection":[{"href":"https:\/\/innernature.webs.upv.es\/index.php?rest_route=\/wp\/v2\/pages"}],"about":[{"href":"https:\/\/innernature.webs.upv.es\/index.php?rest_route=\/wp\/v2\/types\/page"}],"author":[{"embeddable":true,"href":"https:\/\/innernature.webs.upv.es\/index.php?rest_route=\/wp\/v2\/users\/2"}],"replies":[{"embeddable":true,"href":"https:\/\/innernature.webs.upv.es\/index.php?rest_route=%2Fwp%2Fv2%2Fcomments&post=1497"}],"version-history":[{"count":1,"href":"https:\/\/innernature.webs.upv.es\/index.php?rest_route=\/wp\/v2\/pages\/1497\/revisions"}],"predecessor-version":[{"id":2554,"href":"https:\/\/innernature.webs.upv.es\/index.php?rest_route=\/wp\/v2\/pages\/1497\/revisions\/2554"}],"up":[{"embeddable":true,"href":"https:\/\/innernature.webs.upv.es\/index.php?rest_route=\/wp\/v2\/pages\/96"}],"wp:attachment":[{"href":"https:\/\/innernature.webs.upv.es\/index.php?rest_route=%2Fwp%2Fv2%2Fmedia&parent=1497"}],"curies":[{"name":"wp","href":"https:\/\/api.w.org\/{rel}","templated":true}]}}

FUNDACIÓN LA POSTA

<div data-carousel-extra='{"blog_id":1,"permalink":"https:\/\/innernature.webs.upv.es\/?page_id=1497"}' class="tiled-gallery type-rectangular" data-original-width="980"><div class="gallery-row" style="width: 975px; height: 637px;"><div class="gallery-group images-2" style="width: 494px; height: 641px;"><div class="tiled-gallery-item tiled-gallery-item-large"><a href="https://innernature.webs.upv.es/wp-content/uploads/2017/09/la-posta.jpg"><img fetchpriority="high" decoding="async" data-attachment-id="1623" data-orig-file="https://innernature.webs.upv.es/wp-content/uploads/2017/09/la-posta.jpg" data-orig-size="800,500" data-comments-opened="0" data-image-meta="{&quot;aperture&quot;:&quot;0&quot;,&quot;credit&quot;:&quot;&quot;,&quot;camera&quot;:&quot;&quot;,&quot;caption&quot;:&quot;&quot;,&quot;created_timestamp&quot;:&quot;0&quot;,&quot;copyright&quot;:&quot;&quot;,&quot;focal_length&quot;:&quot;0&quot;,&quot;iso&quot;:&quot;0&quot;,&quot;shutter_speed&quot;:&quot;0&quot;,&quot;title&quot;:&quot;&quot;,&quot;orientation&quot;:&quot;1&quot;}" data-image-title="La Posta" data-image-description="" data-medium-file="https://innernature.webs.upv.es/wp-content/uploads/2017/09/la-posta-300x188.jpg" data-large-file="https://innernature.webs.upv.es/wp-content/uploads/2017/09/la-posta.jpg" src="https://innernature.webs.upv.es/wp-content/uploads/2017/09/la-posta-490x306.jpg" width="490" height="306" align="left" title="La Posta" /></a></div><div class="tiled-gallery-item tiled-gallery-item-large"><a href="https://innernature.webs.upv.es/wp-content/uploads/2017/09/nicoleta-moise.jpg"><img decoding="async" data-attachment-id="1625" data-orig-file="https://innernature.webs.upv.es/wp-content/uploads/2017/09/nicoleta-moise.jpg" data-orig-size="1024,683" data-comments-opened="0" data-image-meta="{&quot;aperture&quot;:&quot;0&quot;,&quot;credit&quot;:&quot;&quot;,&quot;camera&quot;:&quot;&quot;,&quot;caption&quot;:&quot;&quot;,&quot;created_timestamp&quot;:&quot;0&quot;,&quot;copyright&quot;:&quot;&quot;,&quot;focal_length&quot;:&quot;0&quot;,&quot;iso&quot;:&quot;0&quot;,&quot;shutter_speed&quot;:&quot;0&quot;,&quot;title&quot;:&quot;&quot;,&quot;orientation&quot;:&quot;0&quot;}" data-image-title="Nicoleta Moise" data-image-description="" data-medium-file="https://innernature.webs.upv.es/wp-content/uploads/2017/09/nicoleta-moise-300x200.jpg" data-large-file="https://innernature.webs.upv.es/wp-content/uploads/2017/09/nicoleta-moise-1024x683.jpg" src="https://innernature.webs.upv.es/wp-content/uploads/2017/09/nicoleta-moise-490x327.jpg" width="490" height="327" align="left" title="Nicoleta Moise" /></a></div></div><div class="gallery-group images-1" style="width: 481px; height: 641px;"><div class="tiled-gallery-item tiled-gallery-item-large"><a href="https://innernature.webs.upv.es/wp-content/uploads/2017/09/mirona-mirada-grupo-wdc.jpg"><img decoding="async" data-attachment-id="1624" data-orig-file="https://innernature.webs.upv.es/wp-content/uploads/2017/09/mirona-mirada-grupo-wdc.jpg" data-orig-size="720,960" data-comments-opened="0" data-image-meta="{&quot;aperture&quot;:&quot;0&quot;,&quot;credit&quot;:&quot;&quot;,&quot;camera&quot;:&quot;&quot;,&quot;caption&quot;:&quot;&quot;,&quot;created_timestamp&quot;:&quot;0&quot;,&quot;copyright&quot;:&quot;&quot;,&quot;focal_length&quot;:&quot;0&quot;,&quot;iso&quot;:&quot;0&quot;,&quot;shutter_speed&quot;:&quot;0&quot;,&quot;title&quot;:&quot;&quot;,&quot;orientation&quot;:&quot;0&quot;}" data-image-title="Mirona Mirada Grupo WDC" data-image-description="" data-medium-file="https://innernature.webs.upv.es/wp-content/uploads/2017/09/mirona-mirada-grupo-wdc-225x300.jpg" data-large-file="https://innernature.webs.upv.es/wp-content/uploads/2017/09/mirona-mirada-grupo-wdc.jpg" src="https://innernature.webs.upv.es/wp-content/uploads/2017/09/mirona-mirada-grupo-wdc-477x637.jpg" width="477" height="637" align="left" title="Mirona Mirada Grupo WDC" /></a></div></div></div><div class="gallery-row" style="width: 975px; height: 263px;"><div class="gallery-group images-1" style="width: 398px; height: 267px;"><div class="tiled-gallery-item tiled-gallery-item-large"><a href="https://innernature.webs.upv.es/wp-content/uploads/2017/09/roman-de-la-calle.jpg"><img loading="lazy" decoding="async" data-attachment-id="1627" data-orig-file="https://innernature.webs.upv.es/wp-content/uploads/2017/09/roman-de-la-calle.jpg" data-orig-size="1024,683" data-comments-opened="0" data-image-meta="{&quot;aperture&quot;:&quot;0&quot;,&quot;credit&quot;:&quot;&quot;,&quot;camera&quot;:&quot;&quot;,&quot;caption&quot;:&quot;&quot;,&quot;created_timestamp&quot;:&quot;0&quot;,&quot;copyright&quot;:&quot;&quot;,&quot;focal_length&quot;:&quot;0&quot;,&quot;iso&quot;:&quot;0&quot;,&quot;shutter_speed&quot;:&quot;0&quot;,&quot;title&quot;:&quot;&quot;,&quot;orientation&quot;:&quot;0&quot;}" data-image-title="Roman de la Calle" data-image-description="" data-medium-file="https://innernature.webs.upv.es/wp-content/uploads/2017/09/roman-de-la-calle-300x200.jpg" data-large-file="https://innernature.webs.upv.es/wp-content/uploads/2017/09/roman-de-la-calle-1024x683.jpg" src="https://innernature.webs.upv.es/wp-content/uploads/2017/09/roman-de-la-calle-394x263.jpg" width="394" height="263" align="left" title="Roman de la Calle" /></a></div></div><div class="gallery-group images-1" style="width: 179px; height: 267px;"><div class="tiled-gallery-item tiled-gallery-item-small"><a href="https://innernature.webs.upv.es/wp-content/uploads/2017/09/juan-f-martc3adnez-gc3b3mez-de-albacete.jpg"><img loading="lazy" decoding="async" data-attachment-id="1622" data-orig-file="https://innernature.webs.upv.es/wp-content/uploads/2017/09/juan-f-martc3adnez-gc3b3mez-de-albacete.jpg" data-orig-size="682,1024" data-comments-opened="0" data-image-meta="{&quot;aperture&quot;:&quot;0&quot;,&quot;credit&quot;:&quot;&quot;,&quot;camera&quot;:&quot;&quot;,&quot;caption&quot;:&quot;&quot;,&quot;created_timestamp&quot;:&quot;0&quot;,&quot;copyright&quot;:&quot;&quot;,&quot;focal_length&quot;:&quot;0&quot;,&quot;iso&quot;:&quot;0&quot;,&quot;shutter_speed&quot;:&quot;0&quot;,&quot;title&quot;:&quot;&quot;,&quot;orientation&quot;:&quot;0&quot;}" data-image-title="Juan F. Martínez Gómez de Albacete" data-image-description="" data-medium-file="https://innernature.webs.upv.es/wp-content/uploads/2017/09/juan-f-martc3adnez-gc3b3mez-de-albacete-200x300.jpg" data-large-file="https://innernature.webs.upv.es/wp-content/uploads/2017/09/juan-f-martc3adnez-gc3b3mez-de-albacete-682x1024.jpg" src="https://innernature.webs.upv.es/wp-content/uploads/2017/09/juan-f-martc3adnez-gc3b3mez-de-albacete-175x263.jpg" width="175" height="263" align="left" title="Juan F. Martínez Gómez de Albacete" /></a></div></div><div class="gallery-group images-1" style="width: 398px; height: 267px;"><div class="tiled-gallery-item tiled-gallery-item-large"><a href="https://innernature.webs.upv.es/wp-content/uploads/2017/09/nihil-obstat.jpg"><img loading="lazy" decoding="async" data-attachment-id="1626" data-orig-file="https://innernature.webs.upv.es/wp-content/uploads/2017/09/nihil-obstat.jpg" data-orig-size="1024,683" data-comments-opened="0" data-image-meta="{&quot;aperture&quot;:&quot;0&quot;,&quot;credit&quot;:&quot;&quot;,&quot;camera&quot;:&quot;&quot;,&quot;caption&quot;:&quot;&quot;,&quot;created_timestamp&quot;:&quot;0&quot;,&quot;copyright&quot;:&quot;&quot;,&quot;focal_length&quot;:&quot;0&quot;,&quot;iso&quot;:&quot;0&quot;,&quot;shutter_speed&quot;:&quot;0&quot;,&quot;title&quot;:&quot;&quot;,&quot;orientation&quot;:&quot;0&quot;}" data-image-title="Nihil Obstat" data-image-description="" data-medium-file="https://innernature.webs.upv.es/wp-content/uploads/2017/09/nihil-obstat-300x200.jpg" data-large-file="https://innernature.webs.upv.es/wp-content/uploads/2017/09/nihil-obstat-1024x683.jpg" src="https://innernature.webs.upv.es/wp-content/uploads/2017/09/nihil-obstat-394x263.jpg" width="394" height="263" align="left" title="Nihil Obstat" /></a></div></div></div></div>
<p>&nbsp;</p>
<table frame="void">
<tbody>
<tr>
<td style="text-align:justify;">
<h4>FUNDACIÓN LA POSTA</h4>
<h4>Centro de Investigación de la Imagen</h4>
<p><strong>Valencia, España</strong></p>
<p>Fundación La Posta nace como un proyecto orientado a la investigación y divulgación del arte contemporáneo.&nbsp;Se trata de un proyecto de origen privado pero con una fuerte orientación hacia la comunidad. Una comunidad que se define en parte por proximidad geográfica, pero que no es ajena al hecho de que nuestras relaciones hoy en día se desenvuelven también a través de internet. Es objetivo de la Fundación La Posta acoger prácticas artísticas que estén vinculadas a procesos sociales y económicos.&nbsp;La Posta aspira a ser como un Hiroba [広場], el lugar del acto de experimentar. En la ciudad tradicional japonesa, en la que no se conoce la plaza pública tal y como se ha configurado morfológicamente en occidente, el hiroba es el espacio urbano que encarna procesos identificables de socialización dentro de la vida de la ciudad.</td>
<td style="text-align:justify;">
<h4>LA POSTA FOUNDATION</h4>
<h4>Image&nbsp;Research Center</h4>
<p><strong>Valencia, Spain</strong></p>
<p>La Posta Foundation was born as a project of research and dissemination of contemporary art. It is a private project but with a strong focus on community. A community is defined in part by geographical proximity, but our relations today also develop through the Internet. Hosting artistic practices linked to social and economic processes is the goal of La Posta Foundation. La Posta aspires to be like a Hiroba [広場], the place of the act of experiencing. In traditional Japanese towns, where the Western notion of public square is not known, hiroba is the urban space that embodies identifiable socialization processes within the life of the city.</td>
</tr>
</tbody>
</table>
<p><a href="http://fundacionlaposta.org/es/" target="_blank" rel="noopener">WEB SITE</a></p>

<p>&nbsp; FUNDACIÓN LA POSTA Centro de Investigación de la Imagen Valencia, España Fundación La Posta nace como un proyecto orientado a la investigación y divulgación del arte contemporáneo.&nbsp;Se trata de un proyecto de origen privado pero con una fuerte orientación hacia la comunidad. Una comunidad que se define en parte por proximidad geográfica, pero que [&hellip;]</p>
