{"id":1550,"date":"2017-06-12T11:18:36","date_gmt":"2017-06-12T11:18:36","guid":{"rendered":"http:\/\/innernatureexhibition.com\/?page_id=1550"},"modified":"2021-06-03T14:59:44","modified_gmt":"2021-06-03T14:59:44","slug":"upv","status":"publish","type":"page","link":"https:\/\/innernature.webs.upv.es\/?page_id=1550","title":{"rendered":"VALENCIA POLYTECHNIC UNIVERSITY, FACULTAD DE BELLAS ARTES"},"content":{"rendered":"<div data-carousel-extra='{\"blog_id\":1,\"permalink\":\"https:\\\/\\\/innernature.webs.upv.es\\\/?page_id=1550\"}' class=\"tiled-gallery type-rectangular\" data-original-width=\"980\"><div class=\"gallery-row\" style=\"width: 975px; height: 429px;\"><div class=\"gallery-group images-2\" style=\"width: 328px; height: 433px;\"><div class=\"tiled-gallery-item tiled-gallery-item-large\"><a href=\"https:\/\/innernature.webs.upv.es\/wp-content\/uploads\/2017\/06\/upv-nuevo-aulario-bbaa-07.jpg\"><img fetchpriority=\"high\" decoding=\"async\" data-attachment-id=\"1553\" data-orig-file=\"https:\/\/innernature.webs.upv.es\/wp-content\/uploads\/2017\/06\/upv-nuevo-aulario-bbaa-07.jpg\" data-orig-size=\"719,403\" data-comments-opened=\"0\" data-image-meta=\"{&quot;aperture&quot;:&quot;0&quot;,&quot;credit&quot;:&quot;&quot;,&quot;camera&quot;:&quot;&quot;,&quot;caption&quot;:&quot;&quot;,&quot;created_timestamp&quot;:&quot;0&quot;,&quot;copyright&quot;:&quot;&quot;,&quot;focal_length&quot;:&quot;0&quot;,&quot;iso&quot;:&quot;0&quot;,&quot;shutter_speed&quot;:&quot;0&quot;,&quot;title&quot;:&quot;&quot;,&quot;orientation&quot;:&quot;1&quot;}\" data-image-title=\"UPV- Nuevo Aulario BBAA 07\" data-image-description=\"\" data-medium-file=\"https:\/\/innernature.webs.upv.es\/wp-content\/uploads\/2017\/06\/upv-nuevo-aulario-bbaa-07-300x168.jpg\" data-large-file=\"https:\/\/innernature.webs.upv.es\/wp-content\/uploads\/2017\/06\/upv-nuevo-aulario-bbaa-07.jpg\" src=\"https:\/\/innernature.webs.upv.es\/wp-content\/uploads\/2017\/06\/upv-nuevo-aulario-bbaa-07-324x182.jpg\" width=\"324\" height=\"182\" align=\"left\" title=\"UPV- Nuevo Aulario BBAA 07\" \/><\/a><\/div><div class=\"tiled-gallery-item tiled-gallery-item-large\"><a href=\"https:\/\/innernature.webs.upv.es\/wp-content\/uploads\/2017\/06\/upv-nuevo-aulario-bbaa-01-copia.jpg\"><img decoding=\"async\" data-attachment-id=\"1551\" data-orig-file=\"https:\/\/innernature.webs.upv.es\/wp-content\/uploads\/2017\/06\/upv-nuevo-aulario-bbaa-01-copia.jpg\" data-orig-size=\"760,570\" data-comments-opened=\"0\" data-image-meta=\"{&quot;aperture&quot;:&quot;0&quot;,&quot;credit&quot;:&quot;&quot;,&quot;camera&quot;:&quot;&quot;,&quot;caption&quot;:&quot;&quot;,&quot;created_timestamp&quot;:&quot;0&quot;,&quot;copyright&quot;:&quot;&quot;,&quot;focal_length&quot;:&quot;0&quot;,&quot;iso&quot;:&quot;0&quot;,&quot;shutter_speed&quot;:&quot;0&quot;,&quot;title&quot;:&quot;&quot;,&quot;orientation&quot;:&quot;0&quot;}\" data-image-title=\"UPV- Nuevo Aulario BBAA 01 copia\" data-image-description=\"\" data-medium-file=\"https:\/\/innernature.webs.upv.es\/wp-content\/uploads\/2017\/06\/upv-nuevo-aulario-bbaa-01-copia-300x225.jpg\" data-large-file=\"https:\/\/innernature.webs.upv.es\/wp-content\/uploads\/2017\/06\/upv-nuevo-aulario-bbaa-01-copia.jpg\" src=\"https:\/\/innernature.webs.upv.es\/wp-content\/uploads\/2017\/06\/upv-nuevo-aulario-bbaa-01-copia-324x243.jpg\" width=\"324\" height=\"243\" align=\"left\" title=\"UPV- Nuevo Aulario BBAA 01 copia\" \/><\/a><\/div><\/div><div class=\"gallery-group images-1\" style=\"width: 647px; height: 433px;\"><div class=\"tiled-gallery-item tiled-gallery-item-large\"><a href=\"https:\/\/innernature.webs.upv.es\/wp-content\/uploads\/2015\/02\/img_7037.jpg\"><img decoding=\"async\" data-attachment-id=\"323\" data-orig-file=\"https:\/\/innernature.webs.upv.es\/wp-content\/uploads\/2015\/02\/img_7037.jpg\" data-orig-size=\"567,378\" data-comments-opened=\"0\" data-image-meta=\"{&quot;aperture&quot;:&quot;4&quot;,&quot;credit&quot;:&quot;&quot;,&quot;camera&quot;:&quot;Canon EOS 450D&quot;,&quot;caption&quot;:&quot;&quot;,&quot;created_timestamp&quot;:&quot;1414081887&quot;,&quot;copyright&quot;:&quot;&quot;,&quot;focal_length&quot;:&quot;18&quot;,&quot;iso&quot;:&quot;400&quot;,&quot;shutter_speed&quot;:&quot;0.025&quot;,&quot;title&quot;:&quot;&quot;,&quot;orientation&quot;:&quot;1&quot;}\" data-image-title=\"IMG_7037\" data-image-description=\"\" data-medium-file=\"https:\/\/innernature.webs.upv.es\/wp-content\/uploads\/2015\/02\/img_7037-300x200.jpg\" data-large-file=\"https:\/\/innernature.webs.upv.es\/wp-content\/uploads\/2015\/02\/img_7037.jpg\" src=\"https:\/\/innernature.webs.upv.es\/wp-content\/uploads\/2015\/02\/img_7037.jpg\" width=\"643\" height=\"429\" align=\"left\" title=\"IMG_7037\" \/><\/a><\/div><\/div><\/div><div class=\"gallery-row\" style=\"width: 975px; height: 393px;\"><div class=\"gallery-group images-1\" style=\"width: 594px; height: 397px;\"><div class=\"tiled-gallery-item tiled-gallery-item-large\"><a href=\"https:\/\/innernature.webs.upv.es\/wp-content\/uploads\/2015\/02\/img_7040.jpg\"><img loading=\"lazy\" decoding=\"async\" data-attachment-id=\"324\" data-orig-file=\"https:\/\/innernature.webs.upv.es\/wp-content\/uploads\/2015\/02\/img_7040.jpg\" data-orig-size=\"567,378\" data-comments-opened=\"0\" data-image-meta=\"{&quot;aperture&quot;:&quot;5.6&quot;,&quot;credit&quot;:&quot;&quot;,&quot;camera&quot;:&quot;Canon EOS 450D&quot;,&quot;caption&quot;:&quot;&quot;,&quot;created_timestamp&quot;:&quot;1414084192&quot;,&quot;copyright&quot;:&quot;&quot;,&quot;focal_length&quot;:&quot;55&quot;,&quot;iso&quot;:&quot;400&quot;,&quot;shutter_speed&quot;:&quot;0.025&quot;,&quot;title&quot;:&quot;&quot;,&quot;orientation&quot;:&quot;1&quot;}\" data-image-title=\"IMG_7040\" data-image-description=\"\" data-medium-file=\"https:\/\/innernature.webs.upv.es\/wp-content\/uploads\/2015\/02\/img_7040-300x200.jpg\" data-large-file=\"https:\/\/innernature.webs.upv.es\/wp-content\/uploads\/2015\/02\/img_7040.jpg\" src=\"https:\/\/innernature.webs.upv.es\/wp-content\/uploads\/2015\/02\/img_7040.jpg\" width=\"590\" height=\"393\" align=\"left\" title=\"IMG_7040\" \/><\/a><\/div><\/div><div class=\"gallery-group images-2\" style=\"width: 381px; height: 397px;\"><div class=\"tiled-gallery-item tiled-gallery-item-large\"><a href=\"https:\/\/innernature.webs.upv.es\/wp-content\/uploads\/2015\/02\/img_7052.jpg\"><img loading=\"lazy\" decoding=\"async\" data-attachment-id=\"325\" data-orig-file=\"https:\/\/innernature.webs.upv.es\/wp-content\/uploads\/2015\/02\/img_7052.jpg\" data-orig-size=\"567,296\" data-comments-opened=\"0\" data-image-meta=\"{&quot;aperture&quot;:&quot;5&quot;,&quot;credit&quot;:&quot;&quot;,&quot;camera&quot;:&quot;Canon EOS 450D&quot;,&quot;caption&quot;:&quot;&quot;,&quot;created_timestamp&quot;:&quot;1414086813&quot;,&quot;copyright&quot;:&quot;&quot;,&quot;focal_length&quot;:&quot;45&quot;,&quot;iso&quot;:&quot;400&quot;,&quot;shutter_speed&quot;:&quot;0.025&quot;,&quot;title&quot;:&quot;&quot;,&quot;orientation&quot;:&quot;1&quot;}\" data-image-title=\"IMG_7052\" data-image-description=\"\" data-medium-file=\"https:\/\/innernature.webs.upv.es\/wp-content\/uploads\/2015\/02\/img_7052-300x157.jpg\" data-large-file=\"https:\/\/innernature.webs.upv.es\/wp-content\/uploads\/2015\/02\/img_7052.jpg\" src=\"https:\/\/innernature.webs.upv.es\/wp-content\/uploads\/2015\/02\/img_7052-377x196.jpg\" width=\"377\" height=\"196\" align=\"left\" title=\"IMG_7052\" \/><\/a><\/div><div class=\"tiled-gallery-item tiled-gallery-item-large\"><a href=\"https:\/\/innernature.webs.upv.es\/wp-content\/uploads\/2015\/02\/1-meditacic3b3n-sonora-e1497266542592.jpg\"><img loading=\"lazy\" decoding=\"async\" data-attachment-id=\"333\" data-orig-file=\"https:\/\/innernature.webs.upv.es\/wp-content\/uploads\/2015\/02\/1-meditacic3b3n-sonora-e1497266542592.jpg\" data-orig-size=\"567,290\" data-comments-opened=\"0\" data-image-meta=\"{&quot;aperture&quot;:&quot;0&quot;,&quot;credit&quot;:&quot;&quot;,&quot;camera&quot;:&quot;&quot;,&quot;caption&quot;:&quot;&quot;,&quot;created_timestamp&quot;:&quot;0&quot;,&quot;copyright&quot;:&quot;&quot;,&quot;focal_length&quot;:&quot;0&quot;,&quot;iso&quot;:&quot;0&quot;,&quot;shutter_speed&quot;:&quot;0&quot;,&quot;title&quot;:&quot;&quot;,&quot;orientation&quot;:&quot;0&quot;}\" data-image-title=\"1 meditaci\u00f3n sonora\" data-image-description=\"\" data-medium-file=\"https:\/\/innernature.webs.upv.es\/wp-content\/uploads\/2015\/02\/1-meditacic3b3n-sonora-e1497266542592-300x153.jpg\" data-large-file=\"https:\/\/innernature.webs.upv.es\/wp-content\/uploads\/2015\/02\/1-meditacic3b3n-sonora-e1497266542592.jpg\" src=\"https:\/\/innernature.webs.upv.es\/wp-content\/uploads\/2015\/02\/1-meditacic3b3n-sonora-e1497266542592-377x193.jpg\" width=\"377\" height=\"193\" align=\"left\" title=\"1 meditaci\u00f3n sonora\" \/><\/a><\/div><\/div><\/div><div class=\"gallery-row\" style=\"width: 975px; height: 647px;\"><div class=\"gallery-group images-1\" style=\"width: 975px; height: 651px;\"><div class=\"tiled-gallery-item tiled-gallery-item-large\"><a href=\"https:\/\/innernature.webs.upv.es\/wp-content\/uploads\/2015\/02\/6meditacic3b3n-sonora.jpg\"><img loading=\"lazy\" decoding=\"async\" data-attachment-id=\"336\" data-orig-file=\"https:\/\/innernature.webs.upv.es\/wp-content\/uploads\/2015\/02\/6meditacic3b3n-sonora.jpg\" data-orig-size=\"567,378\" data-comments-opened=\"0\" data-image-meta=\"{&quot;aperture&quot;:&quot;5&quot;,&quot;credit&quot;:&quot;&quot;,&quot;camera&quot;:&quot;Canon EOS 450D&quot;,&quot;caption&quot;:&quot;&quot;,&quot;created_timestamp&quot;:&quot;1414090895&quot;,&quot;copyright&quot;:&quot;&quot;,&quot;focal_length&quot;:&quot;18&quot;,&quot;iso&quot;:&quot;400&quot;,&quot;shutter_speed&quot;:&quot;0.125&quot;,&quot;title&quot;:&quot;&quot;,&quot;orientation&quot;:&quot;1&quot;}\" data-image-title=\"6meditaci\u00f3n sonora\" data-image-description=\"\" data-medium-file=\"https:\/\/innernature.webs.upv.es\/wp-content\/uploads\/2015\/02\/6meditacic3b3n-sonora-300x200.jpg\" data-large-file=\"https:\/\/innernature.webs.upv.es\/wp-content\/uploads\/2015\/02\/6meditacic3b3n-sonora.jpg\" src=\"https:\/\/innernature.webs.upv.es\/wp-content\/uploads\/2015\/02\/6meditacic3b3n-sonora.jpg\" width=\"971\" height=\"647\" align=\"left\" title=\"6meditaci\u00f3n sonora\" \/><\/a><\/div><\/div><\/div><\/div>\n<h4><\/h4>\n<h4>Valencia Polytechnic University, Facultad de Bellas Artes<\/h4>\n<p>Valencia, Spain<\/p>\n<table frame=\"void\">\n<tbody>\n<tr>\n<td style=\"text-align: justify;\">\n<div>La coordinaci\u00f3n central del proyecto se realiza desde la Facultad de Bellas Artes de la Universidad Polit\u00e9cnica de Valencia (Espa\u00f1a). Se trata de una entidad p\u00fablica que ha apoyado la realizaci\u00f3n de INNER NATURE a trav\u00e9s de diferentes <a href=\"https:\/\/innernatureexhibition.com\/support\/\">estructuras y departamentos<\/a>. En sus diferentes ediciones, la inauguraci\u00f3n de INNER NATURE ha estado acompa\u00f1ada de conferencias, talleres, mesas redondas y otras actividades vinculadas a la tem\u00e1tica de la exposici\u00f3n. Entre ellas podemos destacar la presencia de invitados como el ecofil\u00f3sofo<a href=\"http:\/\/tratarde.org\"> Jorge Riechmann<\/a>, la videoartista <a href=\"https:\/\/www.geobodies.org\">Ursula Biemann<\/a>, el comisario e historiador del arte <a href=\"http:\/\/www.amediavoz.com\/parreno.htm\">Jos\u00e9 Mar\u00eda Parre\u00f1o<\/a> o el cineasta <a href=\"https:\/\/www.filmin.es\/director\/miguel-angel-baixauli\">Miguel \u00c1ngel Baixauli.&nbsp;<\/a><\/div>\n<div><\/div>\n<div>El equipo de INNER NATURE en Valencia tiene un perfil de investigaci\u00f3n especializado en Arte y Ecolog\u00eda a trav\u00e9s de diferentes cuestiones como son el an\u00e1lisis de estrategias audiovisuales en la sociedad contempor\u00e1nea, la iconograf\u00eda de la crisis ecol\u00f3gica, el arte colaborativo, o el papel de la empat\u00eda y la contemplaci\u00f3n en el desarrollo de la&nbsp;conciencia ambiental, entre otros. Su funci\u00f3n principal es el comisariado del proyecto global organizando la convocatoria del concurso audiovisual, los procesos colectivos de selecci\u00f3n de obras, la coordinaci\u00f3n de la itinerancia, etc.<\/div>\n<div><\/div>\n<div><\/div>\n<div>\n<div><\/div>\n<div>Otras iniciativas vinculadas:<\/div>\n<div><\/div>\n<div>HUMANIDADES AMBIENTALES<\/div>\n<div><a href=\"http:\/\/ecohumanidades.webs.upv.es\/\" target=\"_blank\" rel=\"noopener\">http:\/\/ecohumanidades.webs.upv.es<\/a><\/div>\n<div><\/div>\n<div>DESEEEA, Diploma de Especializaci\u00f3n en Sostenibilidad, \u00c9tica ecol\u00f3gica y Educaci\u00f3n Ambiental<\/div>\n<div><a id=\"m_-2562715555044388711LPlnk745653\" class=\"m_-2562715555044388711OWAAutoLink\" href=\"https:\/\/ecoeducacion.webs.upv.es\/\" target=\"_blank\" rel=\"noopener\">https:\/\/ecoeducacion.webs.upv.es<\/a><\/div>\n<\/div>\n<\/td>\n<td style=\"text-align: justify;\">\n<div>The central coordination of the project is performed by a group of researchers working at&nbsp;the Faculty of Fine Arts of the Polytechnic University of Valencia (Spain). This&nbsp;public entity &nbsp;has supported INNER NATURE through different <a href=\"https:\/\/innernatureexhibition.com\/support\/\">institutions&nbsp;and departments<\/a>. Over the&nbsp;past&nbsp;editions, the opening of INNER NATURE has been accompanied by conferences, workshops, round tables and other activities related to the theme of the exhibition. Among them we would like to&nbsp;highlight the participation&nbsp;of guests speakers such as eco-philosopher <a href=\"http:\/\/tratarde.org\">Jorge Riechmann<\/a>, video artist <a href=\"https:\/\/www.geobodies.org\">Ursula Biemann<\/a>, curator and art historian <a href=\"http:\/\/www.amediavoz.com\/parreno.htm\">Jos\u00e9 Mar\u00eda Parre\u00f1o<\/a> and filmmaker <a href=\"https:\/\/www.filmin.es\/director\/miguel-angel-baixauli\">Miguel \u00c1ngel Baixauli.<\/a><\/div>\n<div><\/div>\n<div>The researchers belonging to the&nbsp;INNER NATURE team&nbsp;in Valencia (link) are&nbsp;specialized&nbsp;in different issues&nbsp;related to field of&nbsp;Art and Ecology&nbsp;such as the analysis of video&nbsp;strategies in contemporary society, the iconography of the ecological crisis, collaborative art, or the role of empathy and contemplation in the development of environmental awareness, among others. The team&#8217;s main task is&nbsp;the curating of the global project which includes&nbsp;the launch of&nbsp;the video art&nbsp;call, the collective&nbsp;selection&nbsp;process, the coordination of the travelling show, etc.<\/div>\n<div><\/div>\n<div><\/div>\n<div><\/div>\n<div>Other related&nbsp;projects:<\/div>\n<div><\/div>\n<div>ENVIRONMENTAL HUMANITIES<\/div>\n<div><a href=\"http:\/\/ecohumanidades.webs.upv.es\/\" target=\"_blank\" rel=\"noopener\">http:\/\/ecohumanidades.webs.upv.es<\/a><\/div>\n<div><\/div>\n<div>DESEEEA, Diploma in Sustainability, Ecological Ethics and Environmental Education<\/div>\n<div><a href=\"https:\/\/ecoeducacion.webs.upv.es\/\" target=\"_blank\" rel=\"noopener\">https:\/\/ecoeducacion.webs.upv.es<\/a><\/div>\n<\/td>\n<\/tr>\n<\/tbody>\n<\/table>\n<p><a href=\"https:\/\/www.upv.es\/entidades\/BBAA\/index-es.html\" target=\"_blank\" rel=\"noopener\">WEB SITE<\/a><\/p>\n","protected":false},"excerpt":{"rendered":"<p>Valencia Polytechnic University, Facultad de Bellas Artes Valencia, Spain La coordinaci\u00f3n central del proyecto se realiza desde la Facultad de Bellas Artes de la Universidad Polit\u00e9cnica de Valencia (Espa\u00f1a). Se trata de una entidad p\u00fablica que ha apoyado la realizaci\u00f3n de INNER NATURE a trav\u00e9s de diferentes estructuras y departamentos. En sus diferentes ediciones, la [&hellip;]<\/p>\n","protected":false},"author":2,"featured_media":0,"parent":96,"menu_order":1,"comment_status":"closed","ping_status":"closed","template":"","meta":{"footnotes":""},"class_list":["post-1550","page","type-page","status-publish","hentry"],"_links":{"self":[{"href":"https:\/\/innernature.webs.upv.es\/index.php?rest_route=\/wp\/v2\/pages\/1550","targetHints":{"allow":["GET"]}}],"collection":[{"href":"https:\/\/innernature.webs.upv.es\/index.php?rest_route=\/wp\/v2\/pages"}],"about":[{"href":"https:\/\/innernature.webs.upv.es\/index.php?rest_route=\/wp\/v2\/types\/page"}],"author":[{"embeddable":true,"href":"https:\/\/innernature.webs.upv.es\/index.php?rest_route=\/wp\/v2\/users\/2"}],"replies":[{"embeddable":true,"href":"https:\/\/innernature.webs.upv.es\/index.php?rest_route=%2Fwp%2Fv2%2Fcomments&post=1550"}],"version-history":[{"count":3,"href":"https:\/\/innernature.webs.upv.es\/index.php?rest_route=\/wp\/v2\/pages\/1550\/revisions"}],"predecessor-version":[{"id":2562,"href":"https:\/\/innernature.webs.upv.es\/index.php?rest_route=\/wp\/v2\/pages\/1550\/revisions\/2562"}],"up":[{"embeddable":true,"href":"https:\/\/innernature.webs.upv.es\/index.php?rest_route=\/wp\/v2\/pages\/96"}],"wp:attachment":[{"href":"https:\/\/innernature.webs.upv.es\/index.php?rest_route=%2Fwp%2Fv2%2Fmedia&parent=1550"}],"curies":[{"name":"wp","href":"https:\/\/api.w.org\/{rel}","templated":true}]}}