{"id":1593,"date":"2017-06-28T09:14:17","date_gmt":"2017-06-28T09:14:17","guid":{"rendered":"http:\/\/innernatureexhibition.com\/?page_id=1593"},"modified":"2021-06-03T14:57:16","modified_gmt":"2021-06-03T14:57:16","slug":"ivam","status":"publish","type":"page","link":"https:\/\/innernature.webs.upv.es\/?page_id=1593","title":{"rendered":"IVAM"},"content":{"rendered":"<div data-carousel-extra='{\"blog_id\":1,\"permalink\":\"https:\\\/\\\/innernature.webs.upv.es\\\/?page_id=1593\"}' class=\"tiled-gallery type-rectangular\" data-original-width=\"980\"><div class=\"gallery-row\" style=\"width: 975px; height: 412px;\"><div class=\"gallery-group images-2\" style=\"width: 336px; height: 416px;\"><div class=\"tiled-gallery-item tiled-gallery-item-large\"><a href=\"https:\/\/innernature.webs.upv.es\/wp-content\/uploads\/2017\/06\/lifestyle_visitar_ivam.jpg\"><img fetchpriority=\"high\" decoding=\"async\" data-attachment-id=\"1595\" data-orig-file=\"https:\/\/innernature.webs.upv.es\/wp-content\/uploads\/2017\/06\/lifestyle_visitar_ivam.jpg\" data-orig-size=\"1280,720\" data-comments-opened=\"0\" data-image-meta=\"{&quot;aperture&quot;:&quot;0&quot;,&quot;credit&quot;:&quot;&quot;,&quot;camera&quot;:&quot;&quot;,&quot;caption&quot;:&quot;&quot;,&quot;created_timestamp&quot;:&quot;0&quot;,&quot;copyright&quot;:&quot;&quot;,&quot;focal_length&quot;:&quot;0&quot;,&quot;iso&quot;:&quot;0&quot;,&quot;shutter_speed&quot;:&quot;0&quot;,&quot;title&quot;:&quot;&quot;,&quot;orientation&quot;:&quot;0&quot;}\" data-image-title=\"lifestyle_visitar_ivam\" data-image-description=\"\" data-medium-file=\"https:\/\/innernature.webs.upv.es\/wp-content\/uploads\/2017\/06\/lifestyle_visitar_ivam-300x169.jpg\" data-large-file=\"https:\/\/innernature.webs.upv.es\/wp-content\/uploads\/2017\/06\/lifestyle_visitar_ivam-1024x576.jpg\" src=\"https:\/\/innernature.webs.upv.es\/wp-content\/uploads\/2017\/06\/lifestyle_visitar_ivam-332x187.jpg\" width=\"332\" height=\"187\" align=\"left\" title=\"lifestyle_visitar_ivam\" \/><\/a><\/div><div class=\"tiled-gallery-item tiled-gallery-item-large\"><a href=\"https:\/\/innernature.webs.upv.es\/wp-content\/uploads\/2017\/06\/sala-de-la-muralla_ivam.jpg\"><img decoding=\"async\" data-attachment-id=\"1594\" data-orig-file=\"https:\/\/innernature.webs.upv.es\/wp-content\/uploads\/2017\/06\/sala-de-la-muralla_ivam.jpg\" data-orig-size=\"980,653\" data-comments-opened=\"0\" data-image-meta=\"{&quot;aperture&quot;:&quot;0&quot;,&quot;credit&quot;:&quot;&quot;,&quot;camera&quot;:&quot;&quot;,&quot;caption&quot;:&quot;&quot;,&quot;created_timestamp&quot;:&quot;0&quot;,&quot;copyright&quot;:&quot;&quot;,&quot;focal_length&quot;:&quot;0&quot;,&quot;iso&quot;:&quot;0&quot;,&quot;shutter_speed&quot;:&quot;0&quot;,&quot;title&quot;:&quot;&quot;,&quot;orientation&quot;:&quot;0&quot;}\" data-image-title=\"sala-de-la-muralla_ivam\" data-image-description=\"\" data-medium-file=\"https:\/\/innernature.webs.upv.es\/wp-content\/uploads\/2017\/06\/sala-de-la-muralla_ivam-300x200.jpg\" data-large-file=\"https:\/\/innernature.webs.upv.es\/wp-content\/uploads\/2017\/06\/sala-de-la-muralla_ivam.jpg\" src=\"https:\/\/innernature.webs.upv.es\/wp-content\/uploads\/2017\/06\/sala-de-la-muralla_ivam-332x221.jpg\" width=\"332\" height=\"221\" align=\"left\" title=\"sala-de-la-muralla_ivam\" \/><\/a><\/div><\/div><div class=\"gallery-group images-1\" style=\"width: 639px; height: 416px;\"><div class=\"tiled-gallery-item tiled-gallery-item-large\"><a href=\"https:\/\/innernature.webs.upv.es\/wp-content\/uploads\/2016\/03\/12592295_1071021959616059_3975968489261161238_n.jpg\"><img decoding=\"async\" data-attachment-id=\"1209\" data-orig-file=\"https:\/\/innernature.webs.upv.es\/wp-content\/uploads\/2016\/03\/12592295_1071021959616059_3975968489261161238_n.jpg\" data-orig-size=\"960,623\" data-comments-opened=\"0\" data-image-meta=\"{&quot;aperture&quot;:&quot;0&quot;,&quot;credit&quot;:&quot;&quot;,&quot;camera&quot;:&quot;&quot;,&quot;caption&quot;:&quot;&quot;,&quot;created_timestamp&quot;:&quot;0&quot;,&quot;copyright&quot;:&quot;&quot;,&quot;focal_length&quot;:&quot;0&quot;,&quot;iso&quot;:&quot;0&quot;,&quot;shutter_speed&quot;:&quot;0&quot;,&quot;title&quot;:&quot;&quot;,&quot;orientation&quot;:&quot;0&quot;}\" data-image-title=\"12592295_1071021959616059_3975968489261161238_n\" data-image-description=\"\" data-medium-file=\"https:\/\/innernature.webs.upv.es\/wp-content\/uploads\/2016\/03\/12592295_1071021959616059_3975968489261161238_n-300x195.jpg\" data-large-file=\"https:\/\/innernature.webs.upv.es\/wp-content\/uploads\/2016\/03\/12592295_1071021959616059_3975968489261161238_n.jpg\" src=\"https:\/\/innernature.webs.upv.es\/wp-content\/uploads\/2016\/03\/12592295_1071021959616059_3975968489261161238_n-635x412.jpg\" width=\"635\" height=\"412\" align=\"left\" title=\"12592295_1071021959616059_3975968489261161238_n\" \/><\/a><\/div><\/div><\/div><div class=\"gallery-row\" style=\"width: 975px; height: 310px;\"><div class=\"gallery-group images-1\" style=\"width: 506px; height: 314px;\"><div class=\"tiled-gallery-item tiled-gallery-item-large\"><a href=\"https:\/\/innernature.webs.upv.es\/wp-content\/uploads\/2016\/03\/12687894_1071022182949370_8910455567582394199_n.jpg\"><img loading=\"lazy\" decoding=\"async\" data-attachment-id=\"1212\" data-orig-file=\"https:\/\/innernature.webs.upv.es\/wp-content\/uploads\/2016\/03\/12687894_1071022182949370_8910455567582394199_n.jpg\" data-orig-size=\"960,593\" data-comments-opened=\"0\" data-image-meta=\"{&quot;aperture&quot;:&quot;0&quot;,&quot;credit&quot;:&quot;&quot;,&quot;camera&quot;:&quot;&quot;,&quot;caption&quot;:&quot;&quot;,&quot;created_timestamp&quot;:&quot;0&quot;,&quot;copyright&quot;:&quot;&quot;,&quot;focal_length&quot;:&quot;0&quot;,&quot;iso&quot;:&quot;0&quot;,&quot;shutter_speed&quot;:&quot;0&quot;,&quot;title&quot;:&quot;&quot;,&quot;orientation&quot;:&quot;0&quot;}\" data-image-title=\"12687894_1071022182949370_8910455567582394199_n\" data-image-description=\"\" data-medium-file=\"https:\/\/innernature.webs.upv.es\/wp-content\/uploads\/2016\/03\/12687894_1071022182949370_8910455567582394199_n-300x185.jpg\" data-large-file=\"https:\/\/innernature.webs.upv.es\/wp-content\/uploads\/2016\/03\/12687894_1071022182949370_8910455567582394199_n.jpg\" src=\"https:\/\/innernature.webs.upv.es\/wp-content\/uploads\/2016\/03\/12687894_1071022182949370_8910455567582394199_n-502x310.jpg\" width=\"502\" height=\"310\" align=\"left\" title=\"12687894_1071022182949370_8910455567582394199_n\" \/><\/a><\/div><\/div><div class=\"gallery-group images-1\" style=\"width: 469px; height: 314px;\"><div class=\"tiled-gallery-item tiled-gallery-item-large\"><a href=\"https:\/\/innernature.webs.upv.es\/wp-content\/uploads\/2016\/03\/15ev096004.jpg\"><img loading=\"lazy\" decoding=\"async\" data-attachment-id=\"1198\" data-orig-file=\"https:\/\/innernature.webs.upv.es\/wp-content\/uploads\/2016\/03\/15ev096004.jpg\" data-orig-size=\"750,500\" data-comments-opened=\"0\" data-image-meta=\"{&quot;aperture&quot;:&quot;0&quot;,&quot;credit&quot;:&quot;&quot;,&quot;camera&quot;:&quot;&quot;,&quot;caption&quot;:&quot;&quot;,&quot;created_timestamp&quot;:&quot;0&quot;,&quot;copyright&quot;:&quot;&quot;,&quot;focal_length&quot;:&quot;0&quot;,&quot;iso&quot;:&quot;0&quot;,&quot;shutter_speed&quot;:&quot;0&quot;,&quot;title&quot;:&quot;&quot;,&quot;orientation&quot;:&quot;1&quot;}\" data-image-title=\"15ev096004\" data-image-description=\"\" data-medium-file=\"https:\/\/innernature.webs.upv.es\/wp-content\/uploads\/2016\/03\/15ev096004-300x200.jpg\" data-large-file=\"https:\/\/innernature.webs.upv.es\/wp-content\/uploads\/2016\/03\/15ev096004.jpg\" src=\"https:\/\/innernature.webs.upv.es\/wp-content\/uploads\/2016\/03\/15ev096004-465x310.jpg\" width=\"465\" height=\"310\" align=\"left\" title=\"15ev096004\" \/><\/a><\/div><\/div><\/div><div class=\"gallery-row\" style=\"width: 975px; height: 647px;\"><div class=\"gallery-group images-1\" style=\"width: 975px; height: 651px;\"><div class=\"tiled-gallery-item tiled-gallery-item-large\"><a href=\"https:\/\/innernature.webs.upv.es\/wp-content\/uploads\/2016\/03\/15ev096010.jpg\"><img loading=\"lazy\" decoding=\"async\" data-attachment-id=\"1204\" data-orig-file=\"https:\/\/innernature.webs.upv.es\/wp-content\/uploads\/2016\/03\/15ev096010.jpg\" data-orig-size=\"750,500\" data-comments-opened=\"0\" data-image-meta=\"{&quot;aperture&quot;:&quot;0&quot;,&quot;credit&quot;:&quot;&quot;,&quot;camera&quot;:&quot;&quot;,&quot;caption&quot;:&quot;&quot;,&quot;created_timestamp&quot;:&quot;0&quot;,&quot;copyright&quot;:&quot;&quot;,&quot;focal_length&quot;:&quot;0&quot;,&quot;iso&quot;:&quot;0&quot;,&quot;shutter_speed&quot;:&quot;0&quot;,&quot;title&quot;:&quot;&quot;,&quot;orientation&quot;:&quot;1&quot;}\" data-image-title=\"15ev096010\" data-image-description=\"\" data-medium-file=\"https:\/\/innernature.webs.upv.es\/wp-content\/uploads\/2016\/03\/15ev096010-300x200.jpg\" data-large-file=\"https:\/\/innernature.webs.upv.es\/wp-content\/uploads\/2016\/03\/15ev096010.jpg\" src=\"https:\/\/innernature.webs.upv.es\/wp-content\/uploads\/2016\/03\/15ev096010.jpg\" width=\"971\" height=\"647\" align=\"left\" title=\"15ev096010\" \/><\/a><\/div><\/div><\/div><\/div>\n<h4><\/h4>\n<h4><strong>IVAM Museum of Contemporary Art<\/strong><\/h4>\n<p>Valencia, Spain<\/p>\n<table frame=\"void\">\n<tbody>\n<tr>\n<td style=\"text-align: justify;\">The&nbsp;Institut Valenci\u00e0 d\u2019Art Modern,&nbsp;IVAM<b>,&nbsp;<\/b>was born<b>&nbsp;<\/b>in 1986. Knowledge, expansion, protection, promotion and diffusion of modern and contemporary art are its principal objectives. Its programme of activities includes the exhibition of its art collection, the organization of temporary shows and the edition of catalogues and other publications that go into the topics of the exhibits in depth, as well as the organization of conferences, courses, workshops and concerts that are related to the works on display and other areas in contemporary art.<\/td>\n<td style=\"text-align: justify;\">El Institut Valenci\u00e0 d\u2019Art Modern,<strong>&nbsp;<\/strong>IVAM<strong>,<\/strong>&nbsp;nace en 1986 y tiene como objetivo el conocimiento, tutela, fomento y difusi\u00f3n del arte moderno y contempor\u00e1neo. Su programa de actividades incluye la exhibici\u00f3n de sus fondos art\u00edsticos, la organizaci\u00f3n de exposiciones temporales y la edici\u00f3n de cat\u00e1logos y otras publicaciones que profundizan en los temas tratados en estas muestras, as\u00ed como la celebraci\u00f3n de conferencias, cursos, talleres y conciertos relacionados con las exposiciones organizadas y con otros campos del arte actual.<\/td>\n<\/tr>\n<\/tbody>\n<\/table>\n<p><a href=\"https:\/\/www.ivam.es\" target=\"_blank\" rel=\"noopener\">WEB SITE<\/a><\/p>\n","protected":false},"excerpt":{"rendered":"<p>IVAM Museum of Contemporary Art Valencia, Spain The&nbsp;Institut Valenci\u00e0 d\u2019Art Modern,&nbsp;IVAM,&nbsp;was born&nbsp;in 1986. Knowledge, expansion, protection, promotion and diffusion of modern and contemporary art are its principal objectives. Its programme of activities includes the exhibition of its art collection, the organization of temporary shows and the edition of catalogues and other publications that go into [&hellip;]<\/p>\n","protected":false},"author":2,"featured_media":0,"parent":96,"menu_order":0,"comment_status":"closed","ping_status":"closed","template":"","meta":{"footnotes":""},"class_list":["post-1593","page","type-page","status-publish","hentry"],"_links":{"self":[{"href":"https:\/\/innernature.webs.upv.es\/index.php?rest_route=\/wp\/v2\/pages\/1593","targetHints":{"allow":["GET"]}}],"collection":[{"href":"https:\/\/innernature.webs.upv.es\/index.php?rest_route=\/wp\/v2\/pages"}],"about":[{"href":"https:\/\/innernature.webs.upv.es\/index.php?rest_route=\/wp\/v2\/types\/page"}],"author":[{"embeddable":true,"href":"https:\/\/innernature.webs.upv.es\/index.php?rest_route=\/wp\/v2\/users\/2"}],"replies":[{"embeddable":true,"href":"https:\/\/innernature.webs.upv.es\/index.php?rest_route=%2Fwp%2Fv2%2Fcomments&post=1593"}],"version-history":[{"count":2,"href":"https:\/\/innernature.webs.upv.es\/index.php?rest_route=\/wp\/v2\/pages\/1593\/revisions"}],"predecessor-version":[{"id":2555,"href":"https:\/\/innernature.webs.upv.es\/index.php?rest_route=\/wp\/v2\/pages\/1593\/revisions\/2555"}],"up":[{"embeddable":true,"href":"https:\/\/innernature.webs.upv.es\/index.php?rest_route=\/wp\/v2\/pages\/96"}],"wp:attachment":[{"href":"https:\/\/innernature.webs.upv.es\/index.php?rest_route=%2Fwp%2Fv2%2Fmedia&parent=1593"}],"curies":[{"name":"wp","href":"https:\/\/api.w.org\/{rel}","templated":true}]}}