{"id":1598,"date":"2017-06-28T09:21:07","date_gmt":"2017-06-28T09:21:07","guid":{"rendered":"http:\/\/innernatureexhibition.com\/?page_id=1598"},"modified":"2021-06-03T14:55:19","modified_gmt":"2021-06-03T14:55:19","slug":"akkigalleria","status":"publish","type":"page","link":"https:\/\/innernature.webs.upv.es\/?page_id=1598","title":{"rendered":"\u00c4KKIGALLERIA"},"content":{"rendered":"<div data-carousel-extra='{\"blog_id\":1,\"permalink\":\"https:\\\/\\\/innernature.webs.upv.es\\\/?page_id=1598\"}' class=\"tiled-gallery type-rectangular\" data-original-width=\"980\"><div class=\"gallery-row\" style=\"width: 975px; height: 431px;\"><div class=\"gallery-group images-1\" style=\"width: 655px; height: 435px;\"><div class=\"tiled-gallery-item tiled-gallery-item-large\"><a href=\"https:\/\/innernature.webs.upv.es\/wp-content\/uploads\/2015\/02\/4732605_orig.jpg\"><img fetchpriority=\"high\" decoding=\"async\" data-attachment-id=\"302\" data-orig-file=\"https:\/\/innernature.webs.upv.es\/wp-content\/uploads\/2015\/02\/4732605_orig.jpg\" data-orig-size=\"1100,728\" data-comments-opened=\"0\" data-image-meta=\"{&quot;aperture&quot;:&quot;0&quot;,&quot;credit&quot;:&quot;&quot;,&quot;camera&quot;:&quot;&quot;,&quot;caption&quot;:&quot;&quot;,&quot;created_timestamp&quot;:&quot;0&quot;,&quot;copyright&quot;:&quot;&quot;,&quot;focal_length&quot;:&quot;0&quot;,&quot;iso&quot;:&quot;0&quot;,&quot;shutter_speed&quot;:&quot;0&quot;,&quot;title&quot;:&quot;&quot;,&quot;orientation&quot;:&quot;0&quot;}\" data-image-title=\"4732605_orig\" data-image-description=\"\" data-medium-file=\"https:\/\/innernature.webs.upv.es\/wp-content\/uploads\/2015\/02\/4732605_orig-300x199.jpg\" data-large-file=\"https:\/\/innernature.webs.upv.es\/wp-content\/uploads\/2015\/02\/4732605_orig-1024x678.jpg\" src=\"https:\/\/innernature.webs.upv.es\/wp-content\/uploads\/2015\/02\/4732605_orig-651x431.jpg\" width=\"651\" height=\"431\" align=\"left\" title=\"4732605_orig\" \/><\/a><\/div><\/div><div class=\"gallery-group images-2\" style=\"width: 320px; height: 435px;\"><div class=\"tiled-gallery-item tiled-gallery-item-large\"><a href=\"https:\/\/innernature.webs.upv.es\/wp-content\/uploads\/2015\/02\/5791578_orig.jpg\"><img decoding=\"async\" data-attachment-id=\"303\" data-orig-file=\"https:\/\/innernature.webs.upv.es\/wp-content\/uploads\/2015\/02\/5791578_orig.jpg\" data-orig-size=\"1100,728\" data-comments-opened=\"0\" data-image-meta=\"{&quot;aperture&quot;:&quot;0&quot;,&quot;credit&quot;:&quot;&quot;,&quot;camera&quot;:&quot;&quot;,&quot;caption&quot;:&quot;&quot;,&quot;created_timestamp&quot;:&quot;0&quot;,&quot;copyright&quot;:&quot;&quot;,&quot;focal_length&quot;:&quot;0&quot;,&quot;iso&quot;:&quot;0&quot;,&quot;shutter_speed&quot;:&quot;0&quot;,&quot;title&quot;:&quot;&quot;,&quot;orientation&quot;:&quot;0&quot;}\" data-image-title=\"5791578_orig\" data-image-description=\"\" data-medium-file=\"https:\/\/innernature.webs.upv.es\/wp-content\/uploads\/2015\/02\/5791578_orig-300x199.jpg\" data-large-file=\"https:\/\/innernature.webs.upv.es\/wp-content\/uploads\/2015\/02\/5791578_orig-1024x678.jpg\" src=\"https:\/\/innernature.webs.upv.es\/wp-content\/uploads\/2015\/02\/5791578_orig-316x209.jpg\" width=\"316\" height=\"209\" align=\"left\" title=\"5791578_orig\" \/><\/a><\/div><div class=\"tiled-gallery-item tiled-gallery-item-large\"><a href=\"https:\/\/innernature.webs.upv.es\/wp-content\/uploads\/2015\/02\/2398362_orig.jpg\"><img decoding=\"async\" data-attachment-id=\"301\" data-orig-file=\"https:\/\/innernature.webs.upv.es\/wp-content\/uploads\/2015\/02\/2398362_orig.jpg\" data-orig-size=\"1100,761\" data-comments-opened=\"0\" data-image-meta=\"{&quot;aperture&quot;:&quot;0&quot;,&quot;credit&quot;:&quot;&quot;,&quot;camera&quot;:&quot;&quot;,&quot;caption&quot;:&quot;&quot;,&quot;created_timestamp&quot;:&quot;0&quot;,&quot;copyright&quot;:&quot;&quot;,&quot;focal_length&quot;:&quot;0&quot;,&quot;iso&quot;:&quot;0&quot;,&quot;shutter_speed&quot;:&quot;0&quot;,&quot;title&quot;:&quot;&quot;,&quot;orientation&quot;:&quot;0&quot;}\" data-image-title=\"2398362_orig\" data-image-description=\"\" data-medium-file=\"https:\/\/innernature.webs.upv.es\/wp-content\/uploads\/2015\/02\/2398362_orig-300x208.jpg\" data-large-file=\"https:\/\/innernature.webs.upv.es\/wp-content\/uploads\/2015\/02\/2398362_orig-1024x708.jpg\" src=\"https:\/\/innernature.webs.upv.es\/wp-content\/uploads\/2015\/02\/2398362_orig-316x218.jpg\" width=\"316\" height=\"218\" align=\"left\" title=\"2398362_orig\" \/><\/a><\/div><\/div><\/div><div class=\"gallery-row\" style=\"width: 975px; height: 681px;\"><div class=\"gallery-group images-1\" style=\"width: 975px; height: 685px;\"><div class=\"tiled-gallery-item tiled-gallery-item-large\"><a href=\"https:\/\/innernature.webs.upv.es\/wp-content\/uploads\/2015\/02\/766340_orig.jpg\"><img loading=\"lazy\" decoding=\"async\" data-attachment-id=\"300\" data-orig-file=\"https:\/\/innernature.webs.upv.es\/wp-content\/uploads\/2015\/02\/766340_orig.jpg\" data-orig-size=\"1100,771\" data-comments-opened=\"0\" data-image-meta=\"{&quot;aperture&quot;:&quot;0&quot;,&quot;credit&quot;:&quot;&quot;,&quot;camera&quot;:&quot;&quot;,&quot;caption&quot;:&quot;&quot;,&quot;created_timestamp&quot;:&quot;0&quot;,&quot;copyright&quot;:&quot;&quot;,&quot;focal_length&quot;:&quot;0&quot;,&quot;iso&quot;:&quot;0&quot;,&quot;shutter_speed&quot;:&quot;0&quot;,&quot;title&quot;:&quot;&quot;,&quot;orientation&quot;:&quot;0&quot;}\" data-image-title=\"766340_orig\" data-image-description=\"\" data-medium-file=\"https:\/\/innernature.webs.upv.es\/wp-content\/uploads\/2015\/02\/766340_orig-300x210.jpg\" data-large-file=\"https:\/\/innernature.webs.upv.es\/wp-content\/uploads\/2015\/02\/766340_orig-1024x718.jpg\" src=\"https:\/\/innernature.webs.upv.es\/wp-content\/uploads\/2015\/02\/766340_orig-971x681.jpg\" width=\"971\" height=\"681\" align=\"left\" title=\"766340_orig\" \/><\/a><\/div><\/div><\/div><\/div>\n<h4>\u00c4KKIGALLERIA.&nbsp;Jyv\u00e4skyl\u00e4,&nbsp;Finland<\/h4>\n<table frame=\"void\">\n<tbody>\n<tr>\n<td style=\"text-align:justify;\">\u00c4kkigalleria es un espacio de arte n\u00f3mada sin \u00e1nimo de lucro que aparece espont\u00e1neamente cuando un lugar est\u00e1 disponible. Nuestra intenci\u00f3n es proporcionar una primera plataforma para que una gran variedad de artistas pueda mostrar trabajos in\u00e9ditos. Akkigaller\u00eda se inici\u00f3 en 2009 con la intenci\u00f3n de dinamizar la oferta de artes visuales a trav\u00e9s de happenings y eventos, ofrecer itinerancias alternativas para compartir la producci\u00f3n art\u00edstica, proporcionar actividades socioculturales en directo para los habitantes de Jyv\u00e4skyl\u00e4; promover artistas locales emergentes, activar los espacios disponibles y promover el intercambio entre creadores y disciplinas. Nos esforzamos en asumir riesgos de forma creativa para encontrar nuevas e imaginativas maneras de acercar el arte a diferentes esferas apropi\u00e1ndonos de distintos espacios p\u00fablicos.<\/td>\n<td style=\"text-align:justify;\">\u00c4kkigalleria is an artist-run, non-profit, nomadic exhibition space that appears spontaneously when appropriate locations become available. Our intention is to provide an \u00abartists first\u00bb platform for a commixture of artists to show new work. \u00c4kkigalleria was established in 2009, with the intension of mobilizing the visual arts into happenings and events; to offer alternative venues for sharing visual arts; to provide live, cultural and social activities for the residents of Jyv\u00e4skyl\u00e4; to support local and emerging artists; to activate vacant spaces; and to instigate exchange between artists and artistic disciplines. We strive to promote creative risk taking, to find new and imaginative ways to bring art to different public spheres by usurping existing spaces.<\/td>\n<\/tr>\n<\/tbody>\n<\/table>\n<p><a href=\"http:\/\/www.akkigalleria.fi\" target=\"_blank\" rel=\"noopener\">WEB SITE<\/a><\/p>\n","protected":false},"excerpt":{"rendered":"<p>\u00c4KKIGALLERIA.&nbsp;Jyv\u00e4skyl\u00e4,&nbsp;Finland \u00c4kkigalleria es un espacio de arte n\u00f3mada sin \u00e1nimo de lucro que aparece espont\u00e1neamente cuando un lugar est\u00e1 disponible. Nuestra intenci\u00f3n es proporcionar una primera plataforma para que una gran variedad de artistas pueda mostrar trabajos in\u00e9ditos. Akkigaller\u00eda se inici\u00f3 en 2009 con la intenci\u00f3n de dinamizar la oferta de artes visuales a trav\u00e9s [&hellip;]<\/p>\n","protected":false},"author":2,"featured_media":0,"parent":96,"menu_order":0,"comment_status":"closed","ping_status":"closed","template":"full-width-page.php","meta":{"footnotes":""},"class_list":["post-1598","page","type-page","status-publish","hentry"],"_links":{"self":[{"href":"https:\/\/innernature.webs.upv.es\/index.php?rest_route=\/wp\/v2\/pages\/1598","targetHints":{"allow":["GET"]}}],"collection":[{"href":"https:\/\/innernature.webs.upv.es\/index.php?rest_route=\/wp\/v2\/pages"}],"about":[{"href":"https:\/\/innernature.webs.upv.es\/index.php?rest_route=\/wp\/v2\/types\/page"}],"author":[{"embeddable":true,"href":"https:\/\/innernature.webs.upv.es\/index.php?rest_route=\/wp\/v2\/users\/2"}],"replies":[{"embeddable":true,"href":"https:\/\/innernature.webs.upv.es\/index.php?rest_route=%2Fwp%2Fv2%2Fcomments&post=1598"}],"version-history":[{"count":1,"href":"https:\/\/innernature.webs.upv.es\/index.php?rest_route=\/wp\/v2\/pages\/1598\/revisions"}],"predecessor-version":[{"id":2549,"href":"https:\/\/innernature.webs.upv.es\/index.php?rest_route=\/wp\/v2\/pages\/1598\/revisions\/2549"}],"up":[{"embeddable":true,"href":"https:\/\/innernature.webs.upv.es\/index.php?rest_route=\/wp\/v2\/pages\/96"}],"wp:attachment":[{"href":"https:\/\/innernature.webs.upv.es\/index.php?rest_route=%2Fwp%2Fv2%2Fmedia&parent=1598"}],"curies":[{"name":"wp","href":"https:\/\/api.w.org\/{rel}","templated":true}]}}