{"id":1651,"date":"2017-10-26T12:27:39","date_gmt":"2017-10-26T12:27:39","guid":{"rendered":"http:\/\/innernatureexhibition.com\/?page_id=1651"},"modified":"2021-06-03T13:14:47","modified_gmt":"2021-06-03T13:14:47","slug":"3rd-edition","status":"publish","type":"page","link":"https:\/\/innernature.webs.upv.es\/?page_id=1651","title":{"rendered":"3rd Edition"},"content":{"rendered":"<table frame=\"void\">\n<tbody>\n<tr>\n<td><strong><span style=\"color: #333333;\">Secci\u00f3n oficial<\/span><\/strong><\/td>\n<td style=\"text-align: right;\"><span style=\"color: #333333;\"><strong>Official section<\/strong><\/span><\/td>\n<\/tr>\n<\/tbody>\n<\/table>\n<table frame=\"void\">\n<tbody>\n<tr>\n<td>\n<p style=\"text-align: right;\"><a href=\"https:\/\/innernature.webs.upv.es\/?page_id=1919\"><img fetchpriority=\"high\" decoding=\"async\" class=\"alignleft wp-image-1688 size-medium\" src=\"https:\/\/innernature.webs.upv.es\/wp-content\/uploads\/2017\/11\/ronnie-karfiol-a-virtual-guided-tour-in-the-aegean-sea-copia-300x168.jpg\" alt=\"\" width=\"300\" height=\"168\" srcset=\"https:\/\/innernature.webs.upv.es\/wp-content\/uploads\/2017\/11\/ronnie-karfiol-a-virtual-guided-tour-in-the-aegean-sea-copia-300x168.jpg 300w, https:\/\/innernature.webs.upv.es\/wp-content\/uploads\/2017\/11\/ronnie-karfiol-a-virtual-guided-tour-in-the-aegean-sea-copia.jpg 709w\" sizes=\"(max-width: 300px) 100vw, 300px\" \/><\/a><\/p>\n<p>RONNIE KARFIOL<\/p>\n<\/td>\n<td>\n<p><a href=\"https:\/\/innernature.webs.upv.es\/?page_id=1994\"><img decoding=\"async\" class=\"alignleft wp-image-1683 size-medium\" src=\"https:\/\/innernature.webs.upv.es\/wp-content\/uploads\/2017\/11\/johanna-reich-river-in-flood-copia-300x168.jpg\" alt=\"\" width=\"300\" height=\"168\" srcset=\"https:\/\/innernature.webs.upv.es\/wp-content\/uploads\/2017\/11\/johanna-reich-river-in-flood-copia-300x168.jpg 300w, https:\/\/innernature.webs.upv.es\/wp-content\/uploads\/2017\/11\/johanna-reich-river-in-flood-copia.jpg 709w\" sizes=\"(max-width: 300px) 100vw, 300px\" \/><\/a><\/p>\n<p>JOHANNA REICH<\/p>\n<\/td>\n<td>\n<p><a href=\"https:\/\/innernature.webs.upv.es\/?page_id=2000\"><img decoding=\"async\" class=\"alignleft wp-image-1689 size-medium\" src=\"https:\/\/innernature.webs.upv.es\/wp-content\/uploads\/2017\/11\/roosje-verschoor-the-weather-forecast-copia-300x168.jpg\" alt=\"\" width=\"300\" height=\"168\" srcset=\"https:\/\/innernature.webs.upv.es\/wp-content\/uploads\/2017\/11\/roosje-verschoor-the-weather-forecast-copia-300x168.jpg 300w, https:\/\/innernature.webs.upv.es\/wp-content\/uploads\/2017\/11\/roosje-verschoor-the-weather-forecast-copia.jpg 709w\" sizes=\"(max-width: 300px) 100vw, 300px\" \/><\/a><\/p>\n<p>ROOSJE VERSCHOOR<\/p>\n<\/td>\n<\/tr>\n<tr>\n<td>\n<p><a href=\"https:\/\/innernature.webs.upv.es\/?page_id=2006\"><img loading=\"lazy\" decoding=\"async\" class=\"alignleft wp-image-1686 size-medium\" src=\"https:\/\/innernature.webs.upv.es\/wp-content\/uploads\/2017\/11\/nobina-gupta-disappearing-streams-300x168.jpg\" alt=\"\" width=\"300\" height=\"168\" srcset=\"https:\/\/innernature.webs.upv.es\/wp-content\/uploads\/2017\/11\/nobina-gupta-disappearing-streams-300x168.jpg 300w, https:\/\/innernature.webs.upv.es\/wp-content\/uploads\/2017\/11\/nobina-gupta-disappearing-streams.jpg 709w\" sizes=\"(max-width: 300px) 100vw, 300px\" \/><\/a><\/p>\n<p>NOBINA GUPTA<\/p>\n<\/td>\n<td>\n<p><a href=\"https:\/\/innernature.webs.upv.es\/?page_id=1948\"><img loading=\"lazy\" decoding=\"async\" class=\"alignleft wp-image-1684 size-medium\" src=\"https:\/\/innernature.webs.upv.es\/wp-content\/uploads\/2017\/11\/juanma-valentc3adn-y-lucia-loren-menc3ba-nuclear-300x168.jpg\" alt=\"\" width=\"300\" height=\"168\" srcset=\"https:\/\/innernature.webs.upv.es\/wp-content\/uploads\/2017\/11\/juanma-valentc3adn-y-lucia-loren-menc3ba-nuclear-300x168.jpg 300w, https:\/\/innernature.webs.upv.es\/wp-content\/uploads\/2017\/11\/juanma-valentc3adn-y-lucia-loren-menc3ba-nuclear.jpg 709w\" sizes=\"(max-width: 300px) 100vw, 300px\" \/><\/a><\/p>\n<p>J. VALENT\u00cdN Y&nbsp;L. LOREN<\/p>\n<\/td>\n<td>\n<p><a href=\"https:\/\/innernature.webs.upv.es\/?page_id=2014 \"><img loading=\"lazy\" decoding=\"async\" class=\"alignleft wp-image-1687 size-medium\" src=\"https:\/\/innernature.webs.upv.es\/wp-content\/uploads\/2017\/11\/pat-van-boeckel-the-story-of-water-300x168.jpg\" alt=\"\" width=\"300\" height=\"168\" srcset=\"https:\/\/innernature.webs.upv.es\/wp-content\/uploads\/2017\/11\/pat-van-boeckel-the-story-of-water-300x168.jpg 300w, https:\/\/innernature.webs.upv.es\/wp-content\/uploads\/2017\/11\/pat-van-boeckel-the-story-of-water.jpg 709w\" sizes=\"(max-width: 300px) 100vw, 300px\" \/><\/a><\/p>\n<p>PAT VAN BOECKEL<\/p>\n<\/td>\n<\/tr>\n<\/tbody>\n<\/table>\n<table frame=\"void\">\n<tbody>\n<tr>\n<td style=\"text-align: justify;\">\n<div class=\"page\" title=\"Page 1\">\n<div class=\"section\">\n<div class=\"layoutArea\">\n<div class=\"column\">\n<p><strong>Secci\u00f3n variable<\/strong><\/p>\n<\/div>\n<\/div>\n<\/div>\n<\/div>\n<\/td>\n<td style=\"text-align: right;\"><strong>Variable section<\/strong><\/td>\n<\/tr>\n<\/tbody>\n<\/table>\n<table frame=\"void\">\n<tbody>\n<tr>\n<td>\n<p style=\"text-align: right;\"><a href=\"https:\/\/innernature.webs.upv.es\/?page_id=1926 \"><img loading=\"lazy\" decoding=\"async\" class=\"alignleft wp-image-1678 size-medium\" src=\"https:\/\/innernature.webs.upv.es\/wp-content\/uploads\/2017\/11\/anna-day-sea-change-300x168.jpg\" alt=\"\" width=\"300\" height=\"168\" srcset=\"https:\/\/innernature.webs.upv.es\/wp-content\/uploads\/2017\/11\/anna-day-sea-change-300x168.jpg 300w, https:\/\/innernature.webs.upv.es\/wp-content\/uploads\/2017\/11\/anna-day-sea-change.jpg 709w\" sizes=\"(max-width: 300px) 100vw, 300px\" \/><\/a><\/p>\n<p>ANNA DAY<\/p>\n<\/td>\n<td><a href=\"https:\/\/innernature.webs.upv.es\/?page_id=1942\"><img loading=\"lazy\" decoding=\"async\" class=\"alignleft wp-image-1681 size-medium\" src=\"https:\/\/innernature.webs.upv.es\/wp-content\/uploads\/2017\/11\/despina-economopoulou-lifetide-300x168.jpg\" alt=\"\" width=\"300\" height=\"168\" srcset=\"https:\/\/innernature.webs.upv.es\/wp-content\/uploads\/2017\/11\/despina-economopoulou-lifetide-300x168.jpg 300w, https:\/\/innernature.webs.upv.es\/wp-content\/uploads\/2017\/11\/despina-economopoulou-lifetide.jpg 709w\" sizes=\"(max-width: 300px) 100vw, 300px\" \/><\/a><p><\/p>\n<p>DESPINA ECONOMOPOULOU<\/p>\n<\/td>\n<td><a href=\"https:\/\/innernature.webs.upv.es\/?page_id=1964 \"><img loading=\"lazy\" decoding=\"async\" class=\"alignleft wp-image-1679 size-medium\" src=\"https:\/\/innernature.webs.upv.es\/wp-content\/uploads\/2017\/11\/antonia-bac3b1ados-e2809cnew-landse2809d-300x168.jpg\" alt=\"\" width=\"300\" height=\"168\" srcset=\"https:\/\/innernature.webs.upv.es\/wp-content\/uploads\/2017\/11\/antonia-bac3b1ados-e2809cnew-landse2809d-300x168.jpg 300w, https:\/\/innernature.webs.upv.es\/wp-content\/uploads\/2017\/11\/antonia-bac3b1ados-e2809cnew-landse2809d.jpg 709w\" sizes=\"(max-width: 300px) 100vw, 300px\" \/><\/a><p><\/p>\n<p>ANTONIA BA\u00d1ADOS<\/p>\n<\/td>\n<\/tr>\n<tr>\n<td>\n<p><a href=\"https:\/\/innernature.webs.upv.es\/?page_id=1971 \"><img loading=\"lazy\" decoding=\"async\" class=\"alignleft wp-image-1685 size-medium\" src=\"https:\/\/innernature.webs.upv.es\/wp-content\/uploads\/2017\/11\/kim-jin-kook-water-makes-life-possible-on-earth-300x168.jpg\" alt=\"\" width=\"300\" height=\"168\" srcset=\"https:\/\/innernature.webs.upv.es\/wp-content\/uploads\/2017\/11\/kim-jin-kook-water-makes-life-possible-on-earth-300x168.jpg 300w, https:\/\/innernature.webs.upv.es\/wp-content\/uploads\/2017\/11\/kim-jin-kook-water-makes-life-possible-on-earth.jpg 709w\" sizes=\"(max-width: 300px) 100vw, 300px\" \/><\/a><\/p>\n<p>KIM JIN KOOK<\/p>\n<\/td>\n<td><a href=\"https:\/\/innernature.webs.upv.es\/?page_id=1983 \"><img loading=\"lazy\" decoding=\"async\" class=\"alignleft wp-image-1680 size-medium\" src=\"https:\/\/innernature.webs.upv.es\/wp-content\/uploads\/2017\/11\/clare-charnley-patricia-acevedo-equilibrar-e28093-to-balance-300x168.jpg\" alt=\"\" width=\"300\" height=\"168\" srcset=\"https:\/\/innernature.webs.upv.es\/wp-content\/uploads\/2017\/11\/clare-charnley-patricia-acevedo-equilibrar-e28093-to-balance-300x168.jpg 300w, https:\/\/innernature.webs.upv.es\/wp-content\/uploads\/2017\/11\/clare-charnley-patricia-acevedo-equilibrar-e28093-to-balance.jpg 709w\" sizes=\"(max-width: 300px) 100vw, 300px\" \/><\/a><p><\/p>\n<p>C. CHARNLEY &amp; P. AZEVEDO<\/p>\n<\/td>\n<td><a href=\"https:\/\/innernature.webs.upv.es\/?page_id=1977\"><img loading=\"lazy\" decoding=\"async\" class=\"alignleft wp-image-1682 size-medium\" src=\"https:\/\/innernature.webs.upv.es\/wp-content\/uploads\/2017\/11\/hugh-livingston-river-text-copia-300x168.jpg\" alt=\"\" width=\"300\" height=\"168\" srcset=\"https:\/\/innernature.webs.upv.es\/wp-content\/uploads\/2017\/11\/hugh-livingston-river-text-copia-300x168.jpg 300w, https:\/\/innernature.webs.upv.es\/wp-content\/uploads\/2017\/11\/hugh-livingston-river-text-copia.jpg 709w\" sizes=\"(max-width: 300px) 100vw, 300px\" \/><\/a><p><\/p>\n<p>HUGH LIVINGSTON<\/p>\n<\/td>\n<\/tr>\n<\/tbody>\n<\/table>\n<table frame=\"void\">\n<tbody>\n<tr>\n<td style=\"text-align: justify;\">\n<div class=\"page\" title=\"Page 1\">\n<div class=\"section\">\n<div class=\"layoutArea\">\n<div class=\"column\">\n<p><span style=\"color: #808080;\">\u00abINNER NATURE Contracorriente\u00bb es la tercera edici\u00f3n de la muestra y est\u00e1 vinculada al tema del agua, un elemento esencial para la vida. Los ciclos del agua y su disponibilidad resultan dr\u00e1sticamente modificados por los efectos del cambio clim\u00e1tico y la contaminaci\u00f3n, entre otros fen\u00f3menos de origen antropog\u00e9nico que est\u00e1n provocando graves alteraciones de los ecosistemas. Asimismo, el potencial evocador del agua y su ant\u00edtesis -la aridez del desierto- es un lugar com\u00fan en el discurso de m\u00faltiples artistas que resignifican s\u00edmbolos e iconograf\u00edas tradicionales desde una perspectiva m\u00e1s contempor\u00e1nea.<\/span><\/p>\n<\/div>\n<\/div>\n<\/div>\n<\/div>\n<\/td>\n<td style=\"text-align: justify;\">\n<div class=\"page\" title=\"Page 1\">\n<div class=\"section\">\n<div class=\"layoutArea\">\n<div class=\"column\">\n<p><span style=\"color: #808080;\">\u00abINNER NATURE Against the tide\u00bb is the third edition and is revolved around the theme of water, an essential element for life. Water cycles and accessibility have been drastically modified by the effects of climate change and pollution, two anthropogenic phenomena that, among others, are causing alterations of ecosystems. Moreover, the evocative potential of water and its antithesis &#8211; the aridity of the desert &#8211; is a recurrent element in the work of artists who re-signify traditional symbols and iconography from a more contemporary perspective<\/span><\/p>\n<\/div>\n<\/div>\n<\/div>\n<\/div>\n<\/td>\n<\/tr>\n<\/tbody>\n<\/table>\n<p><iframe title=\"INNER NATURE Selected artists against the tide contracorriente\" width=\"980\" height=\"551\" src=\"https:\/\/www.youtube.com\/embed\/d3zF2Min-Cs?feature=oembed\" frameborder=\"0\" allow=\"accelerometer; autoplay; clipboard-write; encrypted-media; gyroscope; picture-in-picture\" allowfullscreen><\/iframe><\/p>\n<table frame=\"void\">\n<tbody>\n<tr>\n<td>\n<h2><a href=\"https:\/\/innernature.webs.upv.es\/?page_id=1391\"><img loading=\"lazy\" decoding=\"async\" class=\"alignleft wp-image-1393 size-thumbnail\" src=\"https:\/\/innernature.webs.upv.es\/wp-content\/uploads\/2017\/04\/some-thoughts-about-water-150x150.jpg\" alt=\"\" width=\"150\" height=\"150\" srcset=\"https:\/\/innernature.webs.upv.es\/wp-content\/uploads\/2017\/04\/some-thoughts-about-water-150x150.jpg 150w, https:\/\/innernature.webs.upv.es\/wp-content\/uploads\/2017\/04\/some-thoughts-about-water-100x100.jpg 100w, https:\/\/innernature.webs.upv.es\/wp-content\/uploads\/2017\/04\/some-thoughts-about-water.jpg 295w\" sizes=\"(max-width: 150px) 100vw, 150px\" \/><\/a><\/h2>\n<\/td>\n<td>\n<h3>&nbsp;<\/h3>\n<h2><img loading=\"lazy\" decoding=\"async\" class=\"alignleft wp-image-1347\" src=\"https:\/\/innernature.webs.upv.es\/wp-content\/uploads\/2017\/03\/botc3b3n-sobre-el-agua2.jpg?w=295&amp;h=295&amp;crop=1\" alt=\"\" width=\"230\" height=\"230\" srcset=\"https:\/\/innernature.webs.upv.es\/wp-content\/uploads\/2017\/03\/botc3b3n-sobre-el-agua2.jpg 295w, https:\/\/innernature.webs.upv.es\/wp-content\/uploads\/2017\/03\/botc3b3n-sobre-el-agua2-150x150.jpg 150w, https:\/\/innernature.webs.upv.es\/wp-content\/uploads\/2017\/03\/botc3b3n-sobre-el-agua2-100x100.jpg 100w\" sizes=\"(max-width: 230px) 100vw, 230px\" \/><\/h2>\n<\/td>\n<td><a href=\"https:\/\/innernatureexhibition.com\/open-call\/inscripcion-tercera-edicion\/reflexiones-sobre-el-agua\/\"><img loading=\"lazy\" decoding=\"async\" class=\"wp-image-1387 size-thumbnail alignnone\" src=\"https:\/\/innernature.webs.upv.es\/wp-content\/uploads\/2017\/04\/algunas-reflexiones-sobre-el-agua.jpg?w=150\" alt=\"\" width=\"150\" height=\"150\" srcset=\"https:\/\/innernature.webs.upv.es\/wp-content\/uploads\/2017\/04\/algunas-reflexiones-sobre-el-agua.jpg 295w, https:\/\/innernature.webs.upv.es\/wp-content\/uploads\/2017\/04\/algunas-reflexiones-sobre-el-agua-150x150.jpg 150w, https:\/\/innernature.webs.upv.es\/wp-content\/uploads\/2017\/04\/algunas-reflexiones-sobre-el-agua-100x100.jpg 100w\" sizes=\"(max-width: 150px) 100vw, 150px\" \/><\/a><p><\/p>\n<p><\/p>\n<\/td>\n<\/tr>\n<\/tbody>\n<\/table>\n\n\n<p><\/p>\n","protected":false},"excerpt":{"rendered":"<p>Secci\u00f3n oficial Official section RONNIE KARFIOL JOHANNA REICH ROOSJE VERSCHOOR NOBINA GUPTA J. VALENT\u00cdN Y&nbsp;L. LOREN PAT VAN BOECKEL Secci\u00f3n variable Variable section ANNA DAY DESPINA ECONOMOPOULOU ANTONIA BA\u00d1ADOS KIM JIN KOOK C. CHARNLEY &amp; P. AZEVEDO HUGH LIVINGSTON \u00abINNER NATURE Contracorriente\u00bb es la tercera edici\u00f3n de la muestra y est\u00e1 vinculada al tema del [&hellip;]<\/p>\n","protected":false},"author":2,"featured_media":0,"parent":0,"menu_order":4,"comment_status":"closed","ping_status":"closed","template":"","meta":{"footnotes":""},"class_list":["post-1651","page","type-page","status-publish","hentry"],"_links":{"self":[{"href":"https:\/\/innernature.webs.upv.es\/index.php?rest_route=\/wp\/v2\/pages\/1651","targetHints":{"allow":["GET"]}}],"collection":[{"href":"https:\/\/innernature.webs.upv.es\/index.php?rest_route=\/wp\/v2\/pages"}],"about":[{"href":"https:\/\/innernature.webs.upv.es\/index.php?rest_route=\/wp\/v2\/types\/page"}],"author":[{"embeddable":true,"href":"https:\/\/innernature.webs.upv.es\/index.php?rest_route=\/wp\/v2\/users\/2"}],"replies":[{"embeddable":true,"href":"https:\/\/innernature.webs.upv.es\/index.php?rest_route=%2Fwp%2Fv2%2Fcomments&post=1651"}],"version-history":[{"count":18,"href":"https:\/\/innernature.webs.upv.es\/index.php?rest_route=\/wp\/v2\/pages\/1651\/revisions"}],"predecessor-version":[{"id":2486,"href":"https:\/\/innernature.webs.upv.es\/index.php?rest_route=\/wp\/v2\/pages\/1651\/revisions\/2486"}],"wp:attachment":[{"href":"https:\/\/innernature.webs.upv.es\/index.php?rest_route=%2Fwp%2Fv2%2Fmedia&parent=1651"}],"curies":[{"name":"wp","href":"https:\/\/api.w.org\/{rel}","templated":true}]}}