{"id":943,"date":"2016-02-27T16:35:29","date_gmt":"2016-02-27T16:35:29","guid":{"rendered":"http:\/\/innernatureexhibition.com\/?page_id=943"},"modified":"2021-06-03T14:49:17","modified_gmt":"2021-06-03T14:49:17","slug":"coline-caussade-y-sarah-clerval","status":"publish","type":"page","link":"https:\/\/innernature.webs.upv.es\/?page_id=943","title":{"rendered":"Coline Caussade y Sarah Clerval"},"content":{"rendered":"<div data-carousel-extra='{\"blog_id\":1,\"permalink\":\"https:\\\/\\\/innernature.webs.upv.es\\\/?page_id=943\"}' class=\"tiled-gallery type-rectangular\" data-original-width=\"980\"><div class=\"gallery-row\" style=\"width: 975px; height: 485px;\"><div class=\"gallery-group images-1\" style=\"width: 650px; height: 489px;\"><div class=\"tiled-gallery-item tiled-gallery-item-large\"><a href=\"https:\/\/innernature.webs.upv.es\/wp-content\/uploads\/2016\/02\/2-caussade-coline-sarah-clerval-maniere-negre.png\"><img fetchpriority=\"high\" decoding=\"async\" data-attachment-id=\"947\" data-orig-file=\"https:\/\/innernature.webs.upv.es\/wp-content\/uploads\/2016\/02\/2-caussade-coline-sarah-clerval-maniere-negre.png\" data-orig-size=\"1064,799\" data-comments-opened=\"0\" data-image-meta=\"{&quot;aperture&quot;:&quot;0&quot;,&quot;credit&quot;:&quot;&quot;,&quot;camera&quot;:&quot;&quot;,&quot;caption&quot;:&quot;&quot;,&quot;created_timestamp&quot;:&quot;0&quot;,&quot;copyright&quot;:&quot;&quot;,&quot;focal_length&quot;:&quot;0&quot;,&quot;iso&quot;:&quot;0&quot;,&quot;shutter_speed&quot;:&quot;0&quot;,&quot;title&quot;:&quot;&quot;,&quot;orientation&quot;:&quot;0&quot;}\" data-image-title=\"2 Caussade, Coline Sarah clerval maniere negre\" data-image-description=\"\" data-medium-file=\"https:\/\/innernature.webs.upv.es\/wp-content\/uploads\/2016\/02\/2-caussade-coline-sarah-clerval-maniere-negre-300x225.png\" data-large-file=\"https:\/\/innernature.webs.upv.es\/wp-content\/uploads\/2016\/02\/2-caussade-coline-sarah-clerval-maniere-negre-1024x769.png\" src=\"https:\/\/innernature.webs.upv.es\/wp-content\/uploads\/2016\/02\/2-caussade-coline-sarah-clerval-maniere-negre-646x485.png\" width=\"646\" height=\"485\" align=\"left\" title=\"2 Caussade, Coline Sarah clerval maniere negre\" \/><\/a><\/div><\/div><div class=\"gallery-group images-2\" style=\"width: 325px; height: 489px;\"><div class=\"tiled-gallery-item tiled-gallery-item-large\"><a href=\"https:\/\/innernature.webs.upv.es\/wp-content\/uploads\/2016\/02\/4caussade-coline-sarah-clerval-maniere-negre.png\"><img decoding=\"async\" data-attachment-id=\"948\" data-orig-file=\"https:\/\/innernature.webs.upv.es\/wp-content\/uploads\/2016\/02\/4caussade-coline-sarah-clerval-maniere-negre.png\" data-orig-size=\"1064,799\" data-comments-opened=\"0\" data-image-meta=\"{&quot;aperture&quot;:&quot;0&quot;,&quot;credit&quot;:&quot;&quot;,&quot;camera&quot;:&quot;&quot;,&quot;caption&quot;:&quot;&quot;,&quot;created_timestamp&quot;:&quot;0&quot;,&quot;copyright&quot;:&quot;&quot;,&quot;focal_length&quot;:&quot;0&quot;,&quot;iso&quot;:&quot;0&quot;,&quot;shutter_speed&quot;:&quot;0&quot;,&quot;title&quot;:&quot;&quot;,&quot;orientation&quot;:&quot;0&quot;}\" data-image-title=\"4Caussade, Coline Sarah clerval maniere negre\" data-image-description=\"\" data-medium-file=\"https:\/\/innernature.webs.upv.es\/wp-content\/uploads\/2016\/02\/4caussade-coline-sarah-clerval-maniere-negre-300x225.png\" data-large-file=\"https:\/\/innernature.webs.upv.es\/wp-content\/uploads\/2016\/02\/4caussade-coline-sarah-clerval-maniere-negre-1024x769.png\" src=\"https:\/\/innernature.webs.upv.es\/wp-content\/uploads\/2016\/02\/4caussade-coline-sarah-clerval-maniere-negre-321x241.png\" width=\"321\" height=\"241\" align=\"left\" title=\"4Caussade, Coline Sarah clerval maniere negre\" \/><\/a><\/div><div class=\"tiled-gallery-item tiled-gallery-item-large\"><a href=\"https:\/\/innernature.webs.upv.es\/wp-content\/uploads\/2016\/02\/5caussade-coline-sarah-clerval-maniere-negre.png\"><img decoding=\"async\" data-attachment-id=\"949\" data-orig-file=\"https:\/\/innernature.webs.upv.es\/wp-content\/uploads\/2016\/02\/5caussade-coline-sarah-clerval-maniere-negre.png\" data-orig-size=\"1065,799\" data-comments-opened=\"0\" data-image-meta=\"{&quot;aperture&quot;:&quot;0&quot;,&quot;credit&quot;:&quot;&quot;,&quot;camera&quot;:&quot;&quot;,&quot;caption&quot;:&quot;&quot;,&quot;created_timestamp&quot;:&quot;0&quot;,&quot;copyright&quot;:&quot;&quot;,&quot;focal_length&quot;:&quot;0&quot;,&quot;iso&quot;:&quot;0&quot;,&quot;shutter_speed&quot;:&quot;0&quot;,&quot;title&quot;:&quot;&quot;,&quot;orientation&quot;:&quot;0&quot;}\" data-image-title=\"5Caussade, Coline Sarah clerval maniere negre\" data-image-description=\"\" data-medium-file=\"https:\/\/innernature.webs.upv.es\/wp-content\/uploads\/2016\/02\/5caussade-coline-sarah-clerval-maniere-negre-300x225.png\" data-large-file=\"https:\/\/innernature.webs.upv.es\/wp-content\/uploads\/2016\/02\/5caussade-coline-sarah-clerval-maniere-negre-1024x768.png\" src=\"https:\/\/innernature.webs.upv.es\/wp-content\/uploads\/2016\/02\/5caussade-coline-sarah-clerval-maniere-negre-321x240.png\" width=\"321\" height=\"240\" align=\"left\" title=\"5Caussade, Coline Sarah clerval maniere negre\" \/><\/a><\/div><\/div><\/div><div class=\"gallery-row\" style=\"width: 975px; height: 486px;\"><div class=\"gallery-group images-2\" style=\"width: 325px; height: 490px;\"><div class=\"tiled-gallery-item tiled-gallery-item-large\"><a href=\"https:\/\/innernature.webs.upv.es\/wp-content\/uploads\/2016\/02\/7caussade-coline-sarah-clerval-maniere-negre.png\"><img loading=\"lazy\" decoding=\"async\" data-attachment-id=\"950\" data-orig-file=\"https:\/\/innernature.webs.upv.es\/wp-content\/uploads\/2016\/02\/7caussade-coline-sarah-clerval-maniere-negre.png\" data-orig-size=\"1062,800\" data-comments-opened=\"0\" data-image-meta=\"{&quot;aperture&quot;:&quot;0&quot;,&quot;credit&quot;:&quot;&quot;,&quot;camera&quot;:&quot;&quot;,&quot;caption&quot;:&quot;&quot;,&quot;created_timestamp&quot;:&quot;0&quot;,&quot;copyright&quot;:&quot;&quot;,&quot;focal_length&quot;:&quot;0&quot;,&quot;iso&quot;:&quot;0&quot;,&quot;shutter_speed&quot;:&quot;0&quot;,&quot;title&quot;:&quot;&quot;,&quot;orientation&quot;:&quot;0&quot;}\" data-image-title=\"7Caussade, Coline Sarah clerval maniere negre\" data-image-description=\"\" data-medium-file=\"https:\/\/innernature.webs.upv.es\/wp-content\/uploads\/2016\/02\/7caussade-coline-sarah-clerval-maniere-negre-300x226.png\" data-large-file=\"https:\/\/innernature.webs.upv.es\/wp-content\/uploads\/2016\/02\/7caussade-coline-sarah-clerval-maniere-negre-1024x771.png\" src=\"https:\/\/innernature.webs.upv.es\/wp-content\/uploads\/2016\/02\/7caussade-coline-sarah-clerval-maniere-negre-321x241.png\" width=\"321\" height=\"241\" align=\"left\" title=\"7Caussade, Coline Sarah clerval maniere negre\" \/><\/a><\/div><div class=\"tiled-gallery-item tiled-gallery-item-large\"><a href=\"https:\/\/innernature.webs.upv.es\/wp-content\/uploads\/2016\/02\/8caussade-coline-sarah-clerval-maniere-negre.png\"><img loading=\"lazy\" decoding=\"async\" data-attachment-id=\"951\" data-orig-file=\"https:\/\/innernature.webs.upv.es\/wp-content\/uploads\/2016\/02\/8caussade-coline-sarah-clerval-maniere-negre.png\" data-orig-size=\"1063,798\" data-comments-opened=\"0\" data-image-meta=\"{&quot;aperture&quot;:&quot;0&quot;,&quot;credit&quot;:&quot;&quot;,&quot;camera&quot;:&quot;&quot;,&quot;caption&quot;:&quot;&quot;,&quot;created_timestamp&quot;:&quot;0&quot;,&quot;copyright&quot;:&quot;&quot;,&quot;focal_length&quot;:&quot;0&quot;,&quot;iso&quot;:&quot;0&quot;,&quot;shutter_speed&quot;:&quot;0&quot;,&quot;title&quot;:&quot;&quot;,&quot;orientation&quot;:&quot;0&quot;}\" data-image-title=\"8Caussade, Coline Sarah clerval maniere negre\" data-image-description=\"\" data-medium-file=\"https:\/\/innernature.webs.upv.es\/wp-content\/uploads\/2016\/02\/8caussade-coline-sarah-clerval-maniere-negre-300x225.png\" data-large-file=\"https:\/\/innernature.webs.upv.es\/wp-content\/uploads\/2016\/02\/8caussade-coline-sarah-clerval-maniere-negre-1024x769.png\" src=\"https:\/\/innernature.webs.upv.es\/wp-content\/uploads\/2016\/02\/8caussade-coline-sarah-clerval-maniere-negre-321x241.png\" width=\"321\" height=\"241\" align=\"left\" title=\"8Caussade, Coline Sarah clerval maniere negre\" \/><\/a><\/div><\/div><div class=\"gallery-group images-1\" style=\"width: 650px; height: 490px;\"><div class=\"tiled-gallery-item tiled-gallery-item-large\"><a href=\"https:\/\/innernature.webs.upv.es\/wp-content\/uploads\/2016\/02\/9caussade-coline-sarah-clerval-maniere-negre.png\"><img loading=\"lazy\" decoding=\"async\" data-attachment-id=\"952\" data-orig-file=\"https:\/\/innernature.webs.upv.es\/wp-content\/uploads\/2016\/02\/9caussade-coline-sarah-clerval-maniere-negre.png\" data-orig-size=\"1062,799\" data-comments-opened=\"0\" data-image-meta=\"{&quot;aperture&quot;:&quot;0&quot;,&quot;credit&quot;:&quot;&quot;,&quot;camera&quot;:&quot;&quot;,&quot;caption&quot;:&quot;&quot;,&quot;created_timestamp&quot;:&quot;0&quot;,&quot;copyright&quot;:&quot;&quot;,&quot;focal_length&quot;:&quot;0&quot;,&quot;iso&quot;:&quot;0&quot;,&quot;shutter_speed&quot;:&quot;0&quot;,&quot;title&quot;:&quot;&quot;,&quot;orientation&quot;:&quot;0&quot;}\" data-image-title=\"9Caussade, Coline Sarah clerval maniere negre\" data-image-description=\"\" data-medium-file=\"https:\/\/innernature.webs.upv.es\/wp-content\/uploads\/2016\/02\/9caussade-coline-sarah-clerval-maniere-negre-300x226.png\" data-large-file=\"https:\/\/innernature.webs.upv.es\/wp-content\/uploads\/2016\/02\/9caussade-coline-sarah-clerval-maniere-negre-1024x770.png\" src=\"https:\/\/innernature.webs.upv.es\/wp-content\/uploads\/2016\/02\/9caussade-coline-sarah-clerval-maniere-negre-646x486.png\" width=\"646\" height=\"486\" align=\"left\" title=\"9Caussade, Coline Sarah clerval maniere negre\" \/><\/a><\/div><\/div><\/div><\/div>\n<p><i><b>MANIERE NOIRE<\/b> &nbsp;<\/i><\/p>\n<p><i>9\u00b4 23\u00b4\u00b4<\/i><\/p>\n<table frame=\"void\">\n<tbody>\n<tr>\n<td style=\"text-align: justify;\"><span style=\"color: #999999;\">Mani\u00e8re noire es una historia sobre el paisaje. \u00bfQu\u00e9 traemos de vuelta de un viaje, \u00bfc\u00f3mo podemos narrar una experiencia de ese tipo? En Islandia, nuestra percepci\u00f3n de los puntos de referencia en el paisaje a menudo es confusa por la falta de presencia humana. La medida es un menhir o una monta\u00f1a, ambos puntuando un horizonte plano. Lo que queda en nuestra mente es una impresi\u00f3n de proximidad y lejan\u00eda, una incertidumbre. Esta isla es el escenario de im\u00e1genes fantaseadas y concretas. Tratamos de pintarla con su propia paleta, intentamos esbozarla con su vocabulario.<\/span><\/td>\n<td style=\"text-align: justify;\"><span style=\"color: #999999;\">Mani\u00e8re noire is a story about landscape.What do we bring back from a trip, how can we narrate such an experience ?In Iceland, our perception of landmarks is often confused by the lack of human presence. The measure is alternatively a menhir or a mountain, both punctuating a flat horizon.What remains in our mind is an impression of proximity and remoteness, an uncertainty.This Island is the scene of fantasized and concrete pictures.We tried painting her with her own palette, tried sketching her with her vocabulary.<\/span><\/td>\n<\/tr>\n<\/tbody>\n<\/table>\n","protected":false},"excerpt":{"rendered":"<p>MANIERE NOIRE &nbsp; 9\u00b4 23\u00b4\u00b4 Mani\u00e8re noire es una historia sobre el paisaje. \u00bfQu\u00e9 traemos de vuelta de un viaje, \u00bfc\u00f3mo podemos narrar una experiencia de ese tipo? En Islandia, nuestra percepci\u00f3n de los puntos de referencia en el paisaje a menudo es confusa por la falta de presencia humana. La medida es un menhir [&hellip;]<\/p>\n","protected":false},"author":2,"featured_media":0,"parent":1155,"menu_order":0,"comment_status":"closed","ping_status":"closed","template":"","meta":{"footnotes":""},"class_list":["post-943","page","type-page","status-publish","hentry"],"_links":{"self":[{"href":"https:\/\/innernature.webs.upv.es\/index.php?rest_route=\/wp\/v2\/pages\/943","targetHints":{"allow":["GET"]}}],"collection":[{"href":"https:\/\/innernature.webs.upv.es\/index.php?rest_route=\/wp\/v2\/pages"}],"about":[{"href":"https:\/\/innernature.webs.upv.es\/index.php?rest_route=\/wp\/v2\/types\/page"}],"author":[{"embeddable":true,"href":"https:\/\/innernature.webs.upv.es\/index.php?rest_route=\/wp\/v2\/users\/2"}],"replies":[{"embeddable":true,"href":"https:\/\/innernature.webs.upv.es\/index.php?rest_route=%2Fwp%2Fv2%2Fcomments&post=943"}],"version-history":[{"count":2,"href":"https:\/\/innernature.webs.upv.es\/index.php?rest_route=\/wp\/v2\/pages\/943\/revisions"}],"predecessor-version":[{"id":2532,"href":"https:\/\/innernature.webs.upv.es\/index.php?rest_route=\/wp\/v2\/pages\/943\/revisions\/2532"}],"up":[{"embeddable":true,"href":"https:\/\/innernature.webs.upv.es\/index.php?rest_route=\/wp\/v2\/pages\/1155"}],"wp:attachment":[{"href":"https:\/\/innernature.webs.upv.es\/index.php?rest_route=%2Fwp%2Fv2%2Fmedia&parent=943"}],"curies":[{"name":"wp","href":"https:\/\/api.w.org\/{rel}","templated":true}]}}