{"id":956,"date":"2016-02-27T16:47:50","date_gmt":"2016-02-27T16:47:50","guid":{"rendered":"http:\/\/innernatureexhibition.com\/?page_id=956"},"modified":"2021-06-03T14:50:17","modified_gmt":"2021-06-03T14:50:17","slug":"elise-eeraerts","status":"publish","type":"page","link":"https:\/\/innernature.webs.upv.es\/?page_id=956","title":{"rendered":"Elise Eeraerts"},"content":{"rendered":"<div data-carousel-extra='{\"blog_id\":1,\"permalink\":\"https:\\\/\\\/innernature.webs.upv.es\\\/?page_id=956\"}' class=\"tiled-gallery type-rectangular\" data-original-width=\"980\"><div class=\"gallery-row\" style=\"width: 975px; height: 270px;\"><div class=\"gallery-group images-1\" style=\"width: 488px; height: 274px;\"><div class=\"tiled-gallery-item tiled-gallery-item-large\"><a href=\"https:\/\/innernature.webs.upv.es\/wp-content\/uploads\/2016\/02\/1eeraerts-elise.png\"><img fetchpriority=\"high\" decoding=\"async\" data-attachment-id=\"957\" data-orig-file=\"https:\/\/innernature.webs.upv.es\/wp-content\/uploads\/2016\/02\/1eeraerts-elise.png\" data-orig-size=\"1280,714\" data-comments-opened=\"0\" data-image-meta=\"{&quot;aperture&quot;:&quot;0&quot;,&quot;credit&quot;:&quot;&quot;,&quot;camera&quot;:&quot;&quot;,&quot;caption&quot;:&quot;&quot;,&quot;created_timestamp&quot;:&quot;0&quot;,&quot;copyright&quot;:&quot;&quot;,&quot;focal_length&quot;:&quot;0&quot;,&quot;iso&quot;:&quot;0&quot;,&quot;shutter_speed&quot;:&quot;0&quot;,&quot;title&quot;:&quot;&quot;,&quot;orientation&quot;:&quot;0&quot;}\" data-image-title=\"1Eeraerts, Elise\" data-image-description=\"\" data-medium-file=\"https:\/\/innernature.webs.upv.es\/wp-content\/uploads\/2016\/02\/1eeraerts-elise-300x167.png\" data-large-file=\"https:\/\/innernature.webs.upv.es\/wp-content\/uploads\/2016\/02\/1eeraerts-elise-1024x571.png\" src=\"https:\/\/innernature.webs.upv.es\/wp-content\/uploads\/2016\/02\/1eeraerts-elise-484x270.png\" width=\"484\" height=\"270\" align=\"left\" title=\"1Eeraerts, Elise\" \/><\/a><\/div><\/div><div class=\"gallery-group images-1\" style=\"width: 487px; height: 274px;\"><div class=\"tiled-gallery-item tiled-gallery-item-large\"><a href=\"https:\/\/innernature.webs.upv.es\/wp-content\/uploads\/2016\/02\/2eeraerts-elise.png\"><img decoding=\"async\" data-attachment-id=\"958\" data-orig-file=\"https:\/\/innernature.webs.upv.es\/wp-content\/uploads\/2016\/02\/2eeraerts-elise.png\" data-orig-size=\"1280,715\" data-comments-opened=\"0\" data-image-meta=\"{&quot;aperture&quot;:&quot;0&quot;,&quot;credit&quot;:&quot;&quot;,&quot;camera&quot;:&quot;&quot;,&quot;caption&quot;:&quot;&quot;,&quot;created_timestamp&quot;:&quot;0&quot;,&quot;copyright&quot;:&quot;&quot;,&quot;focal_length&quot;:&quot;0&quot;,&quot;iso&quot;:&quot;0&quot;,&quot;shutter_speed&quot;:&quot;0&quot;,&quot;title&quot;:&quot;&quot;,&quot;orientation&quot;:&quot;0&quot;}\" data-image-title=\"2Eeraerts, Elise\" data-image-description=\"\" data-medium-file=\"https:\/\/innernature.webs.upv.es\/wp-content\/uploads\/2016\/02\/2eeraerts-elise-300x168.png\" data-large-file=\"https:\/\/innernature.webs.upv.es\/wp-content\/uploads\/2016\/02\/2eeraerts-elise-1024x572.png\" src=\"https:\/\/innernature.webs.upv.es\/wp-content\/uploads\/2016\/02\/2eeraerts-elise-483x270.png\" width=\"483\" height=\"270\" align=\"left\" title=\"2Eeraerts, Elise\" \/><\/a><\/div><\/div><\/div><div class=\"gallery-row\" style=\"width: 975px; height: 271px;\"><div class=\"gallery-group images-1\" style=\"width: 487px; height: 275px;\"><div class=\"tiled-gallery-item tiled-gallery-item-large\"><a href=\"https:\/\/innernature.webs.upv.es\/wp-content\/uploads\/2016\/02\/7eeraerts-elise.png\"><img decoding=\"async\" data-attachment-id=\"962\" data-orig-file=\"https:\/\/innernature.webs.upv.es\/wp-content\/uploads\/2016\/02\/7eeraerts-elise.png\" data-orig-size=\"1280,717\" data-comments-opened=\"0\" data-image-meta=\"{&quot;aperture&quot;:&quot;0&quot;,&quot;credit&quot;:&quot;&quot;,&quot;camera&quot;:&quot;&quot;,&quot;caption&quot;:&quot;&quot;,&quot;created_timestamp&quot;:&quot;0&quot;,&quot;copyright&quot;:&quot;&quot;,&quot;focal_length&quot;:&quot;0&quot;,&quot;iso&quot;:&quot;0&quot;,&quot;shutter_speed&quot;:&quot;0&quot;,&quot;title&quot;:&quot;&quot;,&quot;orientation&quot;:&quot;0&quot;}\" data-image-title=\"7Eeraerts, Elise\" data-image-description=\"\" data-medium-file=\"https:\/\/innernature.webs.upv.es\/wp-content\/uploads\/2016\/02\/7eeraerts-elise-300x168.png\" data-large-file=\"https:\/\/innernature.webs.upv.es\/wp-content\/uploads\/2016\/02\/7eeraerts-elise-1024x574.png\" src=\"https:\/\/innernature.webs.upv.es\/wp-content\/uploads\/2016\/02\/7eeraerts-elise-483x271.png\" width=\"483\" height=\"271\" align=\"left\" title=\"7Eeraerts, Elise\" \/><\/a><\/div><\/div><div class=\"gallery-group images-1\" style=\"width: 488px; height: 275px;\"><div class=\"tiled-gallery-item tiled-gallery-item-large\"><a href=\"https:\/\/innernature.webs.upv.es\/wp-content\/uploads\/2016\/02\/9eeraerts-elise.png\"><img loading=\"lazy\" decoding=\"async\" data-attachment-id=\"963\" data-orig-file=\"https:\/\/innernature.webs.upv.es\/wp-content\/uploads\/2016\/02\/9eeraerts-elise.png\" data-orig-size=\"1280,716\" data-comments-opened=\"0\" data-image-meta=\"{&quot;aperture&quot;:&quot;0&quot;,&quot;credit&quot;:&quot;&quot;,&quot;camera&quot;:&quot;&quot;,&quot;caption&quot;:&quot;&quot;,&quot;created_timestamp&quot;:&quot;0&quot;,&quot;copyright&quot;:&quot;&quot;,&quot;focal_length&quot;:&quot;0&quot;,&quot;iso&quot;:&quot;0&quot;,&quot;shutter_speed&quot;:&quot;0&quot;,&quot;title&quot;:&quot;&quot;,&quot;orientation&quot;:&quot;0&quot;}\" data-image-title=\"9Eeraerts, Elise\" data-image-description=\"\" data-medium-file=\"https:\/\/innernature.webs.upv.es\/wp-content\/uploads\/2016\/02\/9eeraerts-elise-300x168.png\" data-large-file=\"https:\/\/innernature.webs.upv.es\/wp-content\/uploads\/2016\/02\/9eeraerts-elise-1024x573.png\" src=\"https:\/\/innernature.webs.upv.es\/wp-content\/uploads\/2016\/02\/9eeraerts-elise-484x271.png\" width=\"484\" height=\"271\" align=\"left\" title=\"9Eeraerts, Elise\" \/><\/a><\/div><\/div><\/div><div class=\"gallery-row\" style=\"width: 975px; height: 514px;\"><div class=\"gallery-group images-1\" style=\"width: 975px; height: 518px;\"><div class=\"tiled-gallery-item tiled-gallery-item-large\"><a href=\"https:\/\/innernature.webs.upv.es\/wp-content\/uploads\/2016\/02\/6eeraerts-elise.png\"><img loading=\"lazy\" decoding=\"async\" data-attachment-id=\"961\" data-orig-file=\"https:\/\/innernature.webs.upv.es\/wp-content\/uploads\/2016\/02\/6eeraerts-elise.png\" data-orig-size=\"1280,677\" data-comments-opened=\"0\" data-image-meta=\"{&quot;aperture&quot;:&quot;0&quot;,&quot;credit&quot;:&quot;&quot;,&quot;camera&quot;:&quot;&quot;,&quot;caption&quot;:&quot;&quot;,&quot;created_timestamp&quot;:&quot;0&quot;,&quot;copyright&quot;:&quot;&quot;,&quot;focal_length&quot;:&quot;0&quot;,&quot;iso&quot;:&quot;0&quot;,&quot;shutter_speed&quot;:&quot;0&quot;,&quot;title&quot;:&quot;&quot;,&quot;orientation&quot;:&quot;0&quot;}\" data-image-title=\"6Eeraerts, Elise\" data-image-description=\"\" data-medium-file=\"https:\/\/innernature.webs.upv.es\/wp-content\/uploads\/2016\/02\/6eeraerts-elise-300x159.png\" data-large-file=\"https:\/\/innernature.webs.upv.es\/wp-content\/uploads\/2016\/02\/6eeraerts-elise-1024x542.png\" src=\"https:\/\/innernature.webs.upv.es\/wp-content\/uploads\/2016\/02\/6eeraerts-elise-971x514.png\" width=\"971\" height=\"514\" align=\"left\" title=\"6Eeraerts, Elise\" \/><\/a><\/div><\/div><\/div><\/div>\n<p>&nbsp;<\/p>\n<p><i><b>FIRE PIT (BLOCKS)<\/b> &nbsp;<\/i><\/p>\n<p><i>8\u00b440\u00b4\u00b4<\/i><\/p>\n<table frame=\"void\">\n<tbody>\n<tr>\n<td style=\"text-align: justify;\"><span style=\"color: #999999;\">El v\u00eddeo fire pit (bloks) muestra el proceso de cocci\u00f3n de bloques de arcilla a trav\u00e9s del m\u00e9todo tradicional del horno de pozo realizado directamente en el paisaje. Se excava un hoyo en la tierra, se llena de serr\u00edn y se colocan en su interior los objetos para cocerlos durante el transcurso de una noche. Durante el proceso de cocci\u00f3n se realiz\u00f3 una performance vocal alrededor de la medianoche. La grabaci\u00f3n del sonido de este acto performativo y ritual se incluye en el v\u00eddeo.<\/span><\/p>\n<p><span style=\"color: #ffffff;\">.<\/span><br \/>\n<span style=\"color: #999999;\">STATEMENT<\/span><br \/>\n<span style=\"color: #999999;\">La totalidad de las obras constituye un conjunto coherente a trav\u00e9s de las relaciones internas y de la repetici\u00f3n. Cuando los conceptos se transforman en objetos f\u00edsicos, obtienen ciertas propiedades formales. Mediante la creaci\u00f3n de oposiciones formales se construye un campo en el que posibilidades precisas se hacen sustanciales. Por un lado esto implica infinita formalidad y por otra parte, los objetos y procesos concretos se extraen de este m\u00e9todo. Los procesos y experimentos que caracterizaon un trabajo crean ciertas interpretaciones, elementos expresivos o incluso narrativas dentro de la obra. No es mi intenci\u00f3n se\u00f1alarlos, m\u00e1s bien prendo observar sus consecuencias.<\/span><\/td>\n<td style=\"text-align: justify;\"><span style=\"color: #999999;\">The video fire pit (blocks) shows the firing process of earth blocks through the traditional method of a fire pit in the landscape. A hole is dug, filled with sawdust and within it the objects are placed to be fired during the course of a night. During the firing process a humming\/singing performance took place around midnight. The live sound recording of this ritualistic, performative act is included in the sound sequence of the video.<\/span><\/p>\n<p><span style=\"color: #ffffff;\">.<\/span><br \/>\n<span style=\"color: #999999;\">STATEMENT<\/span><br \/>\n<span style=\"color: #999999;\">The totality of the works constitutes a coherent whole through internal relationships and repetition. When formal concepts are transformed into physical objects, they obtain certain formal properties.By creating formal oppositions a field is constructed in which precise possibilities become substantial. On the one hand this implies infinite formality, on the other hand, concrete objects and processes are extracted from this method. The processes and experiments that make a work specific create certain interpretations, expressive elements or even narratives within the work. It is not my intention to point those out, but rather to look at the consequences of them.<\/span><\/td>\n<\/tr>\n<\/tbody>\n<\/table>\n<p><a href=\"http:\/\/www.elise-eeraerts.be\" target=\"_blank\" rel=\"noopener\">ARTIST WEBSITE<\/a><\/p>\n","protected":false},"excerpt":{"rendered":"<p>&nbsp; FIRE PIT (BLOCKS) &nbsp; 8\u00b440\u00b4\u00b4 El v\u00eddeo fire pit (bloks) muestra el proceso de cocci\u00f3n de bloques de arcilla a trav\u00e9s del m\u00e9todo tradicional del horno de pozo realizado directamente en el paisaje. Se excava un hoyo en la tierra, se llena de serr\u00edn y se colocan en su interior los objetos para cocerlos [&hellip;]<\/p>\n","protected":false},"author":2,"featured_media":0,"parent":1155,"menu_order":0,"comment_status":"closed","ping_status":"closed","template":"","meta":{"footnotes":""},"class_list":["post-956","page","type-page","status-publish","hentry"],"_links":{"self":[{"href":"https:\/\/innernature.webs.upv.es\/index.php?rest_route=\/wp\/v2\/pages\/956","targetHints":{"allow":["GET"]}}],"collection":[{"href":"https:\/\/innernature.webs.upv.es\/index.php?rest_route=\/wp\/v2\/pages"}],"about":[{"href":"https:\/\/innernature.webs.upv.es\/index.php?rest_route=\/wp\/v2\/types\/page"}],"author":[{"embeddable":true,"href":"https:\/\/innernature.webs.upv.es\/index.php?rest_route=\/wp\/v2\/users\/2"}],"replies":[{"embeddable":true,"href":"https:\/\/innernature.webs.upv.es\/index.php?rest_route=%2Fwp%2Fv2%2Fcomments&post=956"}],"version-history":[{"count":3,"href":"https:\/\/innernature.webs.upv.es\/index.php?rest_route=\/wp\/v2\/pages\/956\/revisions"}],"predecessor-version":[{"id":2535,"href":"https:\/\/innernature.webs.upv.es\/index.php?rest_route=\/wp\/v2\/pages\/956\/revisions\/2535"}],"up":[{"embeddable":true,"href":"https:\/\/innernature.webs.upv.es\/index.php?rest_route=\/wp\/v2\/pages\/1155"}],"wp:attachment":[{"href":"https:\/\/innernature.webs.upv.es\/index.php?rest_route=%2Fwp%2Fv2%2Fmedia&parent=956"}],"curies":[{"name":"wp","href":"https:\/\/api.w.org\/{rel}","templated":true}]}}